Last updated on 2022-04-24 03:52:40 CEST.
Flavor | Version | Tinstall | Tcheck | Ttotal | Status | Flags |
---|---|---|---|---|---|---|
r-devel-linux-x86_64-debian-clang | 1.1.9 | 10.36 | 66.10 | 76.46 | NOTE | |
r-devel-linux-x86_64-debian-gcc | 1.1.9 | 6.96 | 48.59 | 55.55 | NOTE | |
r-devel-linux-x86_64-fedora-clang | 1.1.9 | 88.65 | NOTE | |||
r-devel-linux-x86_64-fedora-gcc | 1.1.9 | 74.98 | NOTE | |||
r-patched-linux-x86_64 | 1.1.9 | 7.52 | 62.45 | 69.97 | NOTE | |
r-release-linux-x86_64 | 1.1.9 | 7.29 | 61.35 | 68.64 | NOTE | |
r-release-macos-arm64 | 1.1.9 | OK | ||||
r-release-macos-x86_64 | 1.1.9 | OK | ||||
r-release-windows-x86_64 | 1.1.9 | 40.00 | 83.00 | 123.00 | OK | |
r-oldrel-macos-arm64 | 1.1.9 | OK | ||||
r-oldrel-macos-x86_64 | 1.1.9 | OK | ||||
r-oldrel-windows-ix86+x86_64 | 1.1.9 | 13.00 | 53.00 | 66.00 | OK |
Version: 1.1.9
Check: package dependencies
Result: NOTE
Package suggested but not available for checking: 'scriptests'
Flavors: r-devel-linux-x86_64-debian-clang, r-devel-linux-x86_64-debian-gcc, r-devel-linux-x86_64-fedora-clang, r-devel-linux-x86_64-fedora-gcc, r-patched-linux-x86_64, r-release-linux-x86_64
Version: 1.1.9
Check: R code for possible problems
Result: NOTE
Found the following calls to attach():
File 'track/R/track.attach.R':
attach(what = NULL, pos = pos, name = name)
See section 'Good practice' in '?attach'.
Flavors: r-devel-linux-x86_64-debian-clang, r-devel-linux-x86_64-debian-gcc, r-patched-linux-x86_64, r-release-linux-x86_64
Version: 1.1.9
Check: Rd cross-references
Result: NOTE
Undeclared packages ‘g.data’, ‘filehash’ in Rd xrefs
Flavor: r-devel-linux-x86_64-fedora-clang