Last updated on 2022-04-24 03:52:40 CEST.
| Flavor | Version | Tinstall | Tcheck | Ttotal | Status | Flags | 
|---|---|---|---|---|---|---|
| r-devel-linux-x86_64-debian-clang | 0.2.2 | 2.23 | 99.67 | 101.90 | OK | |
| r-devel-linux-x86_64-debian-gcc | 0.2.2 | 2.56 | 74.53 | 77.09 | OK | |
| r-devel-linux-x86_64-fedora-clang | 0.2.2 | 120.99 | NOTE | |||
| r-devel-linux-x86_64-fedora-gcc | 0.2.2 | 111.44 | OK | |||
| r-patched-linux-x86_64 | 0.2.2 | 3.44 | 92.48 | 95.92 | OK | |
| r-release-linux-x86_64 | 0.2.2 | 3.22 | 84.72 | 87.94 | OK | |
| r-release-macos-arm64 | 0.2.2 | OK | ||||
| r-release-macos-x86_64 | 0.2.2 | OK | ||||
| r-release-windows-x86_64 | 0.2.2 | 21.00 | 164.00 | 185.00 | OK | |
| r-oldrel-macos-arm64 | 0.2.2 | OK | ||||
| r-oldrel-macos-x86_64 | 0.2.2 | OK | ||||
| r-oldrel-windows-ix86+x86_64 | 0.2.2 | 8.00 | 137.00 | 145.00 | OK | 
Version: 0.2.2
Check: Rd cross-references
Result: NOTE
    Undeclared package ‘rlang’ in Rd xrefs
Flavor: r-devel-linux-x86_64-fedora-clang