Last updated on 2022-04-24 03:52:40 CEST.
Flavor | Version | Tinstall | Tcheck | Ttotal | Status | Flags |
---|---|---|---|---|---|---|
r-devel-linux-x86_64-debian-clang | 0.1.1 | 11.38 | 125.76 | 137.14 | OK | |
r-devel-linux-x86_64-debian-gcc | 0.1.1 | 10.11 | 91.05 | 101.16 | OK | |
r-devel-linux-x86_64-fedora-clang | 0.1.1 | 155.43 | NOTE | |||
r-devel-linux-x86_64-fedora-gcc | 0.1.1 | 145.12 | NOTE | |||
r-patched-linux-x86_64 | 0.1.1 | 18.69 | 112.34 | 131.03 | OK | |
r-release-linux-x86_64 | 0.1.1 | 8.35 | 109.20 | 117.55 | OK | |
r-release-macos-arm64 | 0.1.1 | NOTE | ||||
r-release-macos-x86_64 | 0.1.1 | NOTE | ||||
r-release-windows-x86_64 | 0.1.1 | 30.00 | 129.00 | 159.00 | OK | |
r-oldrel-macos-arm64 | 0.1.1 | NOTE | ||||
r-oldrel-macos-x86_64 | 0.1.1 | NOTE | ||||
r-oldrel-windows-ix86+x86_64 | 0.1.1 | 24.00 | 122.00 | 146.00 | OK |
Version: 0.1.1
Check: dependencies in R code
Result: NOTE
Namespaces in Imports field not imported from:
‘ggplot2’ ‘jpeg’ ‘pastecs’ ‘plyr’ ‘raster’
All declared Imports should be used.
Flavors: r-devel-linux-x86_64-fedora-clang, r-devel-linux-x86_64-fedora-gcc, r-release-macos-arm64, r-release-macos-x86_64, r-oldrel-macos-arm64, r-oldrel-macos-x86_64