Last updated on 2022-04-24 03:52:40 CEST.
Flavor | Version | Tinstall | Tcheck | Ttotal | Status | Flags |
---|---|---|---|---|---|---|
r-devel-linux-x86_64-debian-clang | 3.3.3.1 | 9.37 | 81.05 | 90.42 | NOTE | |
r-devel-linux-x86_64-debian-gcc | 3.3.3.1 | 8.19 | 58.73 | 66.92 | NOTE | |
r-devel-linux-x86_64-fedora-clang | 3.3.3.1 | 108.18 | NOTE | |||
r-devel-linux-x86_64-fedora-gcc | 3.3.3.1 | 96.82 | NOTE | |||
r-patched-linux-x86_64 | 3.3.3.1 | 11.97 | 74.53 | 86.50 | NOTE | |
r-release-linux-x86_64 | 3.3.3.1 | 9.04 | 71.59 | 80.63 | NOTE | |
r-release-macos-arm64 | 3.3.3.1 | NOTE | ||||
r-release-macos-x86_64 | 3.3.3.1 | NOTE | ||||
r-release-windows-x86_64 | 3.3.3.1 | 83.00 | 93.00 | 176.00 | NOTE | |
r-oldrel-macos-arm64 | 3.3.3.1 | NOTE | ||||
r-oldrel-macos-x86_64 | 3.3.3.1 | NOTE | ||||
r-oldrel-windows-ix86+x86_64 | 3.3.3.1 | 23.00 | 87.00 | 110.00 | NOTE |
Version: 3.3.3.1
Check: LazyData
Result: NOTE
'LazyData' is specified without a 'data' directory
Flavors: r-devel-linux-x86_64-debian-clang, r-devel-linux-x86_64-debian-gcc, r-devel-linux-x86_64-fedora-clang, r-devel-linux-x86_64-fedora-gcc, r-patched-linux-x86_64, r-release-linux-x86_64, r-release-macos-arm64, r-release-macos-x86_64, r-release-windows-x86_64, r-oldrel-macos-arm64, r-oldrel-macos-x86_64, r-oldrel-windows-ix86+x86_64