Last updated on 2022-04-24 03:52:40 CEST.
Flavor | Version | Tinstall | Tcheck | Ttotal | Status | Flags |
---|---|---|---|---|---|---|
r-devel-linux-x86_64-debian-clang | 0.6.0 | 14.68 | 121.06 | 135.74 | OK | |
r-devel-linux-x86_64-debian-gcc | 0.6.0 | 11.67 | 93.54 | 105.21 | OK | |
r-devel-linux-x86_64-fedora-clang | 0.6.0 | 170.23 | NOTE | |||
r-devel-linux-x86_64-fedora-gcc | 0.6.0 | 142.65 | NOTE | |||
r-patched-linux-x86_64 | 0.6.0 | 10.79 | 115.19 | 125.98 | OK | |
r-release-linux-x86_64 | 0.6.0 | 8.05 | 107.15 | 115.20 | OK | |
r-release-macos-arm64 | 0.6.0 | NOTE | ||||
r-release-macos-x86_64 | 0.6.0 | NOTE | ||||
r-release-windows-x86_64 | 0.6.0 | 25.00 | 132.00 | 157.00 | OK | |
r-oldrel-macos-arm64 | 0.6.0 | NOTE | ||||
r-oldrel-macos-x86_64 | 0.6.0 | NOTE | ||||
r-oldrel-windows-ix86+x86_64 | 0.6.0 | 28.00 | 131.00 | 159.00 | OK |
Version: 0.6.0
Check: dependencies in R code
Result: NOTE
Namespace in Imports field not imported from: ‘tibble’
All declared Imports should be used.
Flavors: r-devel-linux-x86_64-fedora-clang, r-devel-linux-x86_64-fedora-gcc, r-release-macos-arm64, r-release-macos-x86_64, r-oldrel-macos-arm64, r-oldrel-macos-x86_64