Last updated on 2022-04-24 03:52:40 CEST.
Flavor | Version | Tinstall | Tcheck | Ttotal | Status | Flags |
---|---|---|---|---|---|---|
r-devel-linux-x86_64-debian-clang | 3.0.2 | 4.69 | 56.49 | 61.18 | OK | |
r-devel-linux-x86_64-debian-gcc | 3.0.2 | 3.33 | 41.75 | 45.08 | OK | |
r-devel-linux-x86_64-fedora-clang | 3.0.2 | 71.79 | NOTE | |||
r-devel-linux-x86_64-fedora-gcc | 3.0.2 | 58.86 | NOTE | |||
r-patched-linux-x86_64 | 3.0.2 | 4.20 | 52.82 | 57.02 | OK | |
r-release-linux-x86_64 | 3.0.2 | 3.88 | 49.76 | 53.64 | OK | |
r-release-macos-arm64 | 3.0.2 | NOTE | ||||
r-release-macos-x86_64 | 3.0.2 | NOTE | ||||
r-release-windows-x86_64 | 3.0.2 | 49.00 | 75.00 | 124.00 | OK | |
r-oldrel-macos-arm64 | 3.0.2 | NOTE | ||||
r-oldrel-macos-x86_64 | 3.0.2 | NOTE | ||||
r-oldrel-windows-ix86+x86_64 | 3.0.2 | 10.00 | 62.00 | 72.00 | OK |
Version: 3.0.2
Check: data for non-ASCII characters
Result: NOTE
Note: found 8 marked UTF-8 strings
Flavors: r-devel-linux-x86_64-fedora-clang, r-devel-linux-x86_64-fedora-gcc, r-release-macos-arm64, r-release-macos-x86_64, r-oldrel-macos-arm64, r-oldrel-macos-x86_64