Last updated on 2022-04-24 03:52:40 CEST.
Flavor | Version | Tinstall | Tcheck | Ttotal | Status | Flags |
---|---|---|---|---|---|---|
r-devel-linux-x86_64-debian-clang | 1.0.1 | 4.82 | 69.02 | 73.84 | NOTE | |
r-devel-linux-x86_64-debian-gcc | 1.0.1 | 5.14 | 50.78 | 55.92 | NOTE | |
r-devel-linux-x86_64-fedora-clang | 1.0.1 | 90.83 | NOTE | |||
r-devel-linux-x86_64-fedora-gcc | 1.0.1 | 77.45 | NOTE | |||
r-patched-linux-x86_64 | 1.0.1 | 7.56 | 65.68 | 73.24 | NOTE | |
r-release-linux-x86_64 | 1.0.1 | 7.64 | 63.94 | 71.58 | NOTE | |
r-release-macos-arm64 | 1.0.1 | NOTE | ||||
r-release-macos-x86_64 | 1.0.1 | NOTE | ||||
r-release-windows-x86_64 | 1.0.1 | 41.00 | 83.00 | 124.00 | NOTE | |
r-oldrel-macos-arm64 | 1.0.1 | NOTE | ||||
r-oldrel-macos-x86_64 | 1.0.1 | NOTE | ||||
r-oldrel-windows-ix86+x86_64 | 1.0.1 | 73.00 | 75.00 | 148.00 | NOTE |
Version: 1.0.1
Check: LazyData
Result: NOTE
'LazyData' is specified without a 'data' directory
Flavors: r-devel-linux-x86_64-debian-clang, r-devel-linux-x86_64-debian-gcc, r-devel-linux-x86_64-fedora-clang, r-devel-linux-x86_64-fedora-gcc, r-patched-linux-x86_64, r-release-linux-x86_64, r-release-macos-arm64, r-release-macos-x86_64, r-release-windows-x86_64, r-oldrel-macos-arm64, r-oldrel-macos-x86_64, r-oldrel-windows-ix86+x86_64