Last updated on 2022-04-24 03:52:40 CEST.
Flavor | Version | Tinstall | Tcheck | Ttotal | Status | Flags |
---|---|---|---|---|---|---|
r-devel-linux-x86_64-debian-clang | 0.6.7 | 9.96 | 99.51 | 109.47 | ERROR | |
r-devel-linux-x86_64-debian-gcc | 0.6.7 | 6.16 | 74.42 | 80.58 | ERROR | |
r-devel-linux-x86_64-fedora-clang | 0.6.7 | 133.51 | ERROR | |||
r-devel-linux-x86_64-fedora-gcc | 0.6.7 | 120.56 | ERROR | |||
r-patched-linux-x86_64 | 0.6.7 | 8.80 | 93.16 | 101.96 | ERROR | |
r-release-linux-x86_64 | 0.6.7 | 7.32 | 89.00 | 96.32 | ERROR | |
r-release-macos-arm64 | 0.6.7 | NOTE | ||||
r-release-macos-x86_64 | 0.6.7 | NOTE | ||||
r-release-windows-x86_64 | 0.6.7 | 58.00 | 127.00 | 185.00 | ERROR | |
r-oldrel-macos-arm64 | 0.6.7 | NOTE | ||||
r-oldrel-macos-x86_64 | 0.6.7 | NOTE | ||||
r-oldrel-windows-ix86+x86_64 | 0.6.7 | 21.00 | 117.00 | 138.00 | ERROR |
Version: 0.6.7
Check: tests
Result: ERROR
Running 'testthat.R' [6s/11s]
Running the tests in 'tests/testthat.R' failed.
Complete output:
> library(testthat)
> library(traitdataform)
>
> test_check("traitdataform")
[ FAIL 2 | WARN 0 | SKIP 4 | PASS 51 ]
== Skipped tests ===============================================================
* On CRAN (1)
* empty test (2)
* l10n_info()$`UTF-8` is not TRUE (1)
== Failed tests ================================================================
-- Failure (test.map_gbif_taxonomy.R:8:3): gbif taxonomy reachable -------------
Value hashes to d37d3df9bed65e2451367aeaf98866dd, not e94508bb29c9a6b66cc2b92a92ea07f6
-- Failure (test.map_gbif_taxonomy.R:10:3): gbif taxonomy reachable ------------
Value hashes to 78fc839027d0fa26b64e6f856ece50b0, not d36c224f512159f3cf0b7110d0140cf9
[ FAIL 2 | WARN 0 | SKIP 4 | PASS 51 ]
Error: Test failures
Execution halted
Flavor: r-devel-linux-x86_64-debian-clang
Version: 0.6.7
Check: tests
Result: ERROR
Running ‘testthat.R’ [4s/11s]
Running the tests in ‘tests/testthat.R’ failed.
Complete output:
> library(testthat)
> library(traitdataform)
>
> test_check("traitdataform")
[ FAIL 2 | WARN 0 | SKIP 3 | PASS 60 ]
══ Skipped tests ═══════════════════════════════════════════════════════════════
• On CRAN (1)
• empty test (2)
══ Failed tests ════════════════════════════════════════════════════════════════
── Failure (test.map_gbif_taxonomy.R:8:3): gbif taxonomy reachable ─────────────
Value hashes to d37d3df9bed65e2451367aeaf98866dd, not e94508bb29c9a6b66cc2b92a92ea07f6
── Failure (test.map_gbif_taxonomy.R:10:3): gbif taxonomy reachable ────────────
Value hashes to 78fc839027d0fa26b64e6f856ece50b0, not d36c224f512159f3cf0b7110d0140cf9
[ FAIL 2 | WARN 0 | SKIP 3 | PASS 60 ]
Error: Test failures
Execution halted
Flavor: r-devel-linux-x86_64-debian-gcc
Version: 0.6.7
Check: dependencies in R code
Result: NOTE
Namespace in Imports field not imported from: ‘suppdata’
All declared Imports should be used.
Flavors: r-devel-linux-x86_64-fedora-clang, r-devel-linux-x86_64-fedora-gcc, r-release-macos-arm64, r-release-macos-x86_64, r-oldrel-macos-arm64, r-oldrel-macos-x86_64
Version: 0.6.7
Check: data for non-ASCII characters
Result: NOTE
Note: found 2 marked Latin-1 strings
Note: found 701 marked UTF-8 strings
Flavors: r-devel-linux-x86_64-fedora-clang, r-devel-linux-x86_64-fedora-gcc, r-release-macos-arm64, r-release-macos-x86_64, r-oldrel-macos-arm64, r-oldrel-macos-x86_64
Version: 0.6.7
Check: tests
Result: ERROR
Running ‘testthat.R’ [7s/16s]
Running the tests in ‘tests/testthat.R’ failed.
Complete output:
> library(testthat)
> library(traitdataform)
>
> test_check("traitdataform")
[ FAIL 2 | WARN 0 | SKIP 3 | PASS 60 ]
══ Skipped tests ═══════════════════════════════════════════════════════════════
• On CRAN (1)
• empty test (2)
══ Failed tests ════════════════════════════════════════════════════════════════
── Failure (test.map_gbif_taxonomy.R:8:3): gbif taxonomy reachable ─────────────
Value hashes to d37d3df9bed65e2451367aeaf98866dd, not e94508bb29c9a6b66cc2b92a92ea07f6
── Failure (test.map_gbif_taxonomy.R:10:3): gbif taxonomy reachable ────────────
Value hashes to 78fc839027d0fa26b64e6f856ece50b0, not d36c224f512159f3cf0b7110d0140cf9
[ FAIL 2 | WARN 0 | SKIP 3 | PASS 60 ]
Error: Test failures
Execution halted
Flavor: r-devel-linux-x86_64-fedora-clang
Version: 0.6.7
Check: tests
Result: ERROR
Running ‘testthat.R’ [7s/17s]
Running the tests in ‘tests/testthat.R’ failed.
Complete output:
> library(testthat)
> library(traitdataform)
>
> test_check("traitdataform")
[ FAIL 2 | WARN 0 | SKIP 3 | PASS 60 ]
══ Skipped tests ═══════════════════════════════════════════════════════════════
• On CRAN (1)
• empty test (2)
══ Failed tests ════════════════════════════════════════════════════════════════
── Failure (test.map_gbif_taxonomy.R:8:3): gbif taxonomy reachable ─────────────
Value hashes to d37d3df9bed65e2451367aeaf98866dd, not e94508bb29c9a6b66cc2b92a92ea07f6
── Failure (test.map_gbif_taxonomy.R:10:3): gbif taxonomy reachable ────────────
Value hashes to 78fc839027d0fa26b64e6f856ece50b0, not d36c224f512159f3cf0b7110d0140cf9
[ FAIL 2 | WARN 0 | SKIP 3 | PASS 60 ]
Error: Test failures
Execution halted
Flavor: r-devel-linux-x86_64-fedora-gcc
Version: 0.6.7
Check: tests
Result: ERROR
Running ‘testthat.R’ [5s/11s]
Running the tests in ‘tests/testthat.R’ failed.
Complete output:
> library(testthat)
> library(traitdataform)
>
> test_check("traitdataform")
[ FAIL 2 | WARN 0 | SKIP 3 | PASS 60 ]
══ Skipped tests ═══════════════════════════════════════════════════════════════
• On CRAN (1)
• empty test (2)
══ Failed tests ════════════════════════════════════════════════════════════════
── Failure (test.map_gbif_taxonomy.R:8:3): gbif taxonomy reachable ─────────────
Value hashes to d37d3df9bed65e2451367aeaf98866dd, not e94508bb29c9a6b66cc2b92a92ea07f6
── Failure (test.map_gbif_taxonomy.R:10:3): gbif taxonomy reachable ────────────
Value hashes to 78fc839027d0fa26b64e6f856ece50b0, not d36c224f512159f3cf0b7110d0140cf9
[ FAIL 2 | WARN 0 | SKIP 3 | PASS 60 ]
Error: Test failures
Execution halted
Flavor: r-patched-linux-x86_64
Version: 0.6.7
Check: tests
Result: ERROR
Running ‘testthat.R’ [5s/10s]
Running the tests in ‘tests/testthat.R’ failed.
Complete output:
> library(testthat)
> library(traitdataform)
>
> test_check("traitdataform")
[ FAIL 2 | WARN 0 | SKIP 3 | PASS 60 ]
══ Skipped tests ═══════════════════════════════════════════════════════════════
• On CRAN (1)
• empty test (2)
══ Failed tests ════════════════════════════════════════════════════════════════
── Failure (test.map_gbif_taxonomy.R:8:3): gbif taxonomy reachable ─────────────
Value hashes to d37d3df9bed65e2451367aeaf98866dd, not e94508bb29c9a6b66cc2b92a92ea07f6
── Failure (test.map_gbif_taxonomy.R:10:3): gbif taxonomy reachable ────────────
Value hashes to 78fc839027d0fa26b64e6f856ece50b0, not d36c224f512159f3cf0b7110d0140cf9
[ FAIL 2 | WARN 0 | SKIP 3 | PASS 60 ]
Error: Test failures
Execution halted
Flavor: r-release-linux-x86_64
Version: 0.6.7
Check: tests
Result: ERROR
Running 'testthat.R' [8s]
Running the tests in 'tests/testthat.R' failed.
Complete output:
> library(testthat)
> library(traitdataform)
>
> test_check("traitdataform")
[ FAIL 2 | WARN 0 | SKIP 3 | PASS 60 ]
══ Skipped tests ═══════════════════════════════════════════════════════════════
• On CRAN (1)
• empty test (2)
══ Failed tests ════════════════════════════════════════════════════════════════
── Failure (test.map_gbif_taxonomy.R:8:3): gbif taxonomy reachable ─────────────
Value hashes to d37d3df9bed65e2451367aeaf98866dd, not e94508bb29c9a6b66cc2b92a92ea07f6
── Failure (test.map_gbif_taxonomy.R:10:3): gbif taxonomy reachable ────────────
Value hashes to 78fc839027d0fa26b64e6f856ece50b0, not d36c224f512159f3cf0b7110d0140cf9
[ FAIL 2 | WARN 0 | SKIP 3 | PASS 60 ]
Error: Test failures
Execution halted
Flavor: r-release-windows-x86_64
Version: 0.6.7
Check: tests
Result: ERROR
Running 'testthat.R' [7s]
Running the tests in 'tests/testthat.R' failed.
Complete output:
> library(testthat)
> library(traitdataform)
>
> test_check("traitdataform")
[ FAIL 2 | WARN 0 | SKIP 4 | PASS 51 ]
== Skipped tests ===============================================================
* On CRAN (1)
* empty test (2)
* l10n_info()$`UTF-8` is not TRUE (1)
== Failed tests ================================================================
-- Failure (test.map_gbif_taxonomy.R:8:3): gbif taxonomy reachable -------------
Value hashes to d37d3df9bed65e2451367aeaf98866dd, not e94508bb29c9a6b66cc2b92a92ea07f6
-- Failure (test.map_gbif_taxonomy.R:10:3): gbif taxonomy reachable ------------
Value hashes to 78fc839027d0fa26b64e6f856ece50b0, not d36c224f512159f3cf0b7110d0140cf9
[ FAIL 2 | WARN 0 | SKIP 4 | PASS 51 ]
Error: Test failures
Execution halted
Flavor: r-oldrel-windows-ix86+x86_64