Last updated on 2022-04-24 03:52:40 CEST.
Flavor | Version | Tinstall | Tcheck | Ttotal | Status | Flags |
---|---|---|---|---|---|---|
r-devel-linux-x86_64-debian-clang | 0.9.0.5 | 349.95 | 85.70 | 435.65 | OK | |
r-devel-linux-x86_64-debian-gcc | 0.9.0.5 | 238.68 | 62.47 | 301.15 | OK | |
r-devel-linux-x86_64-fedora-clang | 0.9.0.5 | 0.00 | OK | |||
r-devel-linux-x86_64-fedora-gcc | 0.9.0.5 | 496.43 | OK | |||
r-patched-linux-x86_64 | 0.9.0.5 | 241.92 | 78.85 | 320.77 | OK | |
r-release-linux-x86_64 | 0.9.0.5 | 250.09 | 78.86 | 328.95 | OK | |
r-release-macos-arm64 | 0.9.0.5 | NOTE | ||||
r-release-macos-x86_64 | 0.9.0.5 | NOTE | ||||
r-release-windows-x86_64 | 0.9.0.5 | 249.00 | 127.00 | 376.00 | OK | |
r-oldrel-macos-arm64 | 0.9.0.5 | NOTE | ||||
r-oldrel-macos-x86_64 | 0.9.0.5 | NOTE | ||||
r-oldrel-windows-ix86+x86_64 | 0.9.0.5 | 581.00 | 133.00 | 714.00 | NOTE |
Version: 0.9.0.5
Check: installed package size
Result: NOTE
installed size is 25.1Mb
sub-directories of 1Mb or more:
libs 24.5Mb
Flavors: r-release-macos-arm64, r-release-macos-x86_64, r-oldrel-macos-arm64, r-oldrel-macos-x86_64, r-oldrel-windows-ix86+x86_64