Last updated on 2022-04-24 03:52:40 CEST.
Flavor | Version | Tinstall | Tcheck | Ttotal | Status | Flags |
---|---|---|---|---|---|---|
r-devel-linux-x86_64-debian-clang | 1.4.0 | 3.78 | 282.13 | 285.91 | NOTE | |
r-devel-linux-x86_64-debian-gcc | 1.4.0 | 3.01 | 189.52 | 192.53 | NOTE | |
r-devel-linux-x86_64-fedora-clang | 1.4.0 | 331.73 | NOTE | |||
r-devel-linux-x86_64-fedora-gcc | 1.4.0 | 322.51 | NOTE | |||
r-patched-linux-x86_64 | 1.4.0 | 5.34 | 268.37 | 273.71 | NOTE | |
r-release-linux-x86_64 | 1.4.0 | 3.36 | 277.13 | 280.49 | NOTE | |
r-release-macos-arm64 | 1.4.0 | NOTE | ||||
r-release-macos-x86_64 | 1.4.0 | NOTE | ||||
r-release-windows-x86_64 | 1.4.0 | 58.00 | 301.00 | 359.00 | NOTE | |
r-oldrel-macos-arm64 | 1.4.0 | NOTE | ||||
r-oldrel-macos-x86_64 | 1.4.0 | NOTE | ||||
r-oldrel-windows-ix86+x86_64 | 1.4.0 | 7.00 | 325.00 | 332.00 | NOTE |
Version: 1.4.0
Check: LazyData
Result: NOTE
'LazyData' is specified without a 'data' directory
Flavors: r-devel-linux-x86_64-debian-clang, r-devel-linux-x86_64-debian-gcc, r-devel-linux-x86_64-fedora-clang, r-devel-linux-x86_64-fedora-gcc, r-patched-linux-x86_64, r-release-linux-x86_64, r-release-macos-arm64, r-release-macos-x86_64, r-release-windows-x86_64, r-oldrel-macos-arm64, r-oldrel-macos-x86_64, r-oldrel-windows-ix86+x86_64