Last updated on 2022-04-24 03:52:40 CEST.
Flavor | Version | Tinstall | Tcheck | Ttotal | Status | Flags |
---|---|---|---|---|---|---|
r-devel-linux-x86_64-debian-clang | 1.0.0 | 132.76 | 275.65 | 408.41 | OK | |
r-devel-linux-x86_64-debian-gcc | 1.0.0 | 117.19 | 199.23 | 316.42 | OK | |
r-devel-linux-x86_64-fedora-clang | 1.0.0 | 523.54 | NOTE | |||
r-devel-linux-x86_64-fedora-gcc | 1.0.0 | 508.09 | OK | |||
r-patched-linux-x86_64 | 1.0.0 | 125.93 | 259.59 | 385.52 | OK | |
r-release-linux-x86_64 | 1.0.0 | 117.36 | 254.52 | 371.88 | OK | |
r-release-macos-arm64 | 1.0.0 | NOTE | ||||
r-release-macos-x86_64 | 1.0.0 | NOTE | ||||
r-release-windows-x86_64 | 1.0.0 | 122.00 | 329.00 | 451.00 | NOTE | |
r-oldrel-macos-arm64 | 1.0.0 | NOTE | ||||
r-oldrel-macos-x86_64 | 1.0.0 | NOTE | ||||
r-oldrel-windows-ix86+x86_64 | 1.0.0 | 242.00 | 430.00 | 672.00 | NOTE |
Version: 1.0.0
Check: installed package size
Result: NOTE
installed size is 31.4Mb
sub-directories of 1Mb or more:
doc 1.3Mb
libs 29.5Mb
Flavors: r-devel-linux-x86_64-fedora-clang, r-release-macos-arm64, r-release-macos-x86_64, r-release-windows-x86_64, r-oldrel-macos-arm64, r-oldrel-macos-x86_64, r-oldrel-windows-ix86+x86_64