Last updated on 2022-04-24 03:52:40 CEST.
Flavor | Version | Tinstall | Tcheck | Ttotal | Status | Flags |
---|---|---|---|---|---|---|
r-devel-linux-x86_64-debian-clang | 0.1.0 | 5.97 | 78.98 | 84.95 | OK | |
r-devel-linux-x86_64-debian-gcc | 0.1.0 | 4.56 | 59.31 | 63.87 | OK | |
r-devel-linux-x86_64-fedora-clang | 0.1.0 | 98.89 | WARN | |||
r-devel-linux-x86_64-fedora-gcc | 0.1.0 | 84.05 | WARN | |||
r-patched-linux-x86_64 | 0.1.0 | 5.77 | 73.33 | 79.10 | OK | |
r-release-linux-x86_64 | 0.1.0 | 4.50 | 70.25 | 74.75 | OK | |
r-release-macos-arm64 | 0.1.0 | NOTE | ||||
r-release-macos-x86_64 | 0.1.0 | NOTE | ||||
r-release-windows-x86_64 | 0.1.0 | 37.00 | 123.00 | 160.00 | OK | |
r-oldrel-macos-arm64 | 0.1.0 | NOTE | ||||
r-oldrel-macos-x86_64 | 0.1.0 | NOTE | ||||
r-oldrel-windows-ix86+x86_64 | 0.1.0 | 14.00 | 81.00 | 95.00 | WARN |
Version: 0.1.0
Check: data for non-ASCII characters
Result: NOTE
Note: found 827 marked UTF-8 strings
Flavors: r-devel-linux-x86_64-fedora-clang, r-devel-linux-x86_64-fedora-gcc, r-release-macos-arm64, r-release-macos-x86_64, r-oldrel-macos-arm64, r-oldrel-macos-x86_64
Version: 0.1.0
Check: re-building of vignette outputs
Result: WARN
Error(s) in re-building vignettes:
--- re-building ‘Python_Setup.Rmd’ using rmarkdown
<1b>[1;m<1b>[4;m
transforEmotion (version 0.1.0)
<1b>[0m<1b>[0m
For help getting started, type browseVignettes("transforEmotion")
For bugs and errors, submit an issue to <https://github.com/AlexChristensen/transforEmotion/issues>
Using Python path: /usr/bin/python3
! LaTeX Error: File `framed.sty' not found.
! Emergency stop.
<read *>
Error: processing vignette 'Python_Setup.Rmd' failed with diagnostics:
LaTeX failed to compile /data/gannet/ripley/R/packages/tests-clang/transforEmotion.Rcheck/vign_test/transforEmotion/vignettes/Python_Setup.tex. See https://yihui.org/tinytex/r/#debugging for debugging tips. See Python_Setup.log for more info.
--- failed re-building ‘Python_Setup.Rmd’
SUMMARY: processing the following file failed:
‘Python_Setup.Rmd’
Error: Vignette re-building failed.
Execution halted
Flavor: r-devel-linux-x86_64-fedora-clang
Version: 0.1.0
Check: re-building of vignette outputs
Result: WARN
Error(s) in re-building vignettes:
--- re-building ‘Python_Setup.Rmd’ using rmarkdown
<1b>[1;m<1b>[4;m
transforEmotion (version 0.1.0)
<1b>[0m<1b>[0m
For help getting started, type browseVignettes("transforEmotion")
For bugs and errors, submit an issue to <https://github.com/AlexChristensen/transforEmotion/issues>
Using Python path: /usr/bin/python3
! LaTeX Error: File `framed.sty' not found.
! Emergency stop.
<read *>
Error: processing vignette 'Python_Setup.Rmd' failed with diagnostics:
LaTeX failed to compile /data/gannet/ripley/R/packages/tests-devel/transforEmotion.Rcheck/vign_test/transforEmotion/vignettes/Python_Setup.tex. See https://yihui.org/tinytex/r/#debugging for debugging tips. See Python_Setup.log for more info.
--- failed re-building ‘Python_Setup.Rmd’
SUMMARY: processing the following file failed:
‘Python_Setup.Rmd’
Error: Vignette re-building failed.
Execution halted
Flavor: r-devel-linux-x86_64-fedora-gcc
Version: 0.1.0
Check: re-building of vignette outputs
Result: WARN
Error(s) in re-building vignettes:
--- re-building 'Python_Setup.Rmd' using rmarkdown
transforEmotion (version 0.1.0)
For help getting started, type browseVignettes("transforEmotion")
For bugs and errors, submit an issue to <https://github.com/AlexChristensen/transforEmotion/issues>
Quitting from lines 82-84 (Python_Setup.Rmd)
Error: processing vignette 'Python_Setup.Rmd' failed with diagnostics:
lexical error: invalid char in json text.
NA
(right here) ------^
--- failed re-building 'Python_Setup.Rmd'
SUMMARY: processing the following file failed:
'Python_Setup.Rmd'
Error: Vignette re-building failed.
Execution halted
Flavor: r-oldrel-windows-ix86+x86_64