Last updated on 2022-04-24 03:52:40 CEST.
Flavor | Version | Tinstall | Tcheck | Ttotal | Status | Flags |
---|---|---|---|---|---|---|
r-devel-linux-x86_64-debian-clang | 1.0 | 2.36 | 42.28 | 44.64 | NOTE | |
r-devel-linux-x86_64-debian-gcc | 1.0 | 2.32 | 32.11 | 34.43 | NOTE | |
r-devel-linux-x86_64-fedora-clang | 1.0 | 55.00 | NOTE | |||
r-devel-linux-x86_64-fedora-gcc | 1.0 | 42.64 | NOTE | |||
r-patched-linux-x86_64 | 1.0 | 3.12 | 40.03 | 43.15 | NOTE | |
r-release-linux-x86_64 | 1.0 | 2.85 | 39.24 | 42.09 | NOTE | |
r-release-macos-arm64 | 1.0 | NOTE | ||||
r-release-macos-x86_64 | 1.0 | NOTE | ||||
r-release-windows-x86_64 | 1.0 | 11.00 | 57.00 | 68.00 | NOTE | |
r-oldrel-macos-arm64 | 1.0 | NOTE | ||||
r-oldrel-macos-x86_64 | 1.0 | NOTE | ||||
r-oldrel-windows-ix86+x86_64 | 1.0 | 6.00 | 49.00 | 55.00 | NOTE |
Version: 1.0
Check: R code for possible problems
Result: NOTE
microsoftTranslate: no visible global function definition for
'URLencode'
Undefined global functions or variables:
URLencode
Consider adding
importFrom("utils", "URLencode")
to your NAMESPACE file.
Flavors: r-devel-linux-x86_64-debian-clang, r-devel-linux-x86_64-debian-gcc, r-devel-linux-x86_64-fedora-clang, r-devel-linux-x86_64-fedora-gcc, r-patched-linux-x86_64, r-release-linux-x86_64, r-release-macos-arm64, r-release-macos-x86_64, r-release-windows-x86_64, r-oldrel-macos-arm64, r-oldrel-macos-x86_64, r-oldrel-windows-ix86+x86_64