Last updated on 2022-04-24 03:52:40 CEST.
Flavor | Version | Tinstall | Tcheck | Ttotal | Status | Flags |
---|---|---|---|---|---|---|
r-devel-linux-x86_64-debian-clang | 0.0.1.5.2 | 1.53 | 29.61 | 31.14 | NOTE | |
r-devel-linux-x86_64-debian-gcc | 0.0.1.5.2 | 1.72 | 22.97 | 24.69 | NOTE | |
r-devel-linux-x86_64-fedora-clang | 0.0.1.5.2 | 38.91 | NOTE | |||
r-devel-linux-x86_64-fedora-gcc | 0.0.1.5.2 | 28.04 | NOTE | |||
r-patched-linux-x86_64 | 0.0.1.5.2 | 2.06 | 28.78 | 30.84 | NOTE | |
r-release-linux-x86_64 | 0.0.1.5.2 | 1.69 | 28.25 | 29.94 | NOTE | |
r-release-macos-arm64 | 0.0.1.5.2 | NOTE | ||||
r-release-macos-x86_64 | 0.0.1.5.2 | NOTE | ||||
r-release-windows-x86_64 | 0.0.1.5.2 | 14.00 | 45.00 | 59.00 | NOTE | |
r-oldrel-macos-arm64 | 0.0.1.5.2 | NOTE | ||||
r-oldrel-macos-x86_64 | 0.0.1.5.2 | NOTE | ||||
r-oldrel-windows-ix86+x86_64 | 0.0.1.5.2 | 4.00 | 25.00 | 29.00 | NOTE |
Version: 0.0.1.5.2
Check: DESCRIPTION meta-information
Result: NOTE
BugReports field is not a suitable URL but appears to contain an email address
not specified by mailto: nor contained in < >
use the Contact field instead
Flavors: r-devel-linux-x86_64-debian-clang, r-devel-linux-x86_64-debian-gcc, r-devel-linux-x86_64-fedora-clang, r-devel-linux-x86_64-fedora-gcc, r-patched-linux-x86_64, r-release-linux-x86_64, r-release-macos-arm64, r-release-macos-x86_64, r-release-windows-x86_64, r-oldrel-macos-arm64, r-oldrel-macos-x86_64, r-oldrel-windows-ix86+x86_64
Version: 0.0.1.5.2
Check: LazyData
Result: NOTE
'LazyData' is specified without a 'data' directory
Flavors: r-devel-linux-x86_64-debian-clang, r-devel-linux-x86_64-debian-gcc, r-devel-linux-x86_64-fedora-clang, r-devel-linux-x86_64-fedora-gcc, r-patched-linux-x86_64, r-release-linux-x86_64, r-release-macos-arm64, r-release-macos-x86_64, r-release-windows-x86_64, r-oldrel-macos-arm64, r-oldrel-macos-x86_64, r-oldrel-windows-ix86+x86_64