Last updated on 2022-04-24 03:52:40 CEST.
Flavor | Version | Tinstall | Tcheck | Ttotal | Status | Flags |
---|---|---|---|---|---|---|
r-devel-linux-x86_64-debian-clang | 0.1.0 | 51.14 | 48.26 | 99.40 | OK | |
r-devel-linux-x86_64-debian-gcc | 0.1.0 | 38.75 | 36.52 | 75.27 | OK | |
r-devel-linux-x86_64-fedora-clang | 0.1.0 | 138.64 | NOTE | |||
r-devel-linux-x86_64-fedora-gcc | 0.1.0 | 111.56 | OK | |||
r-patched-linux-x86_64 | 0.1.0 | 41.97 | 46.46 | 88.43 | OK | |
r-release-linux-x86_64 | 0.1.0 | 40.43 | 45.33 | 85.76 | OK | |
r-release-macos-arm64 | 0.1.0 | NOTE | ||||
r-release-macos-x86_64 | 0.1.0 | NOTE | ||||
r-release-windows-x86_64 | 0.1.0 | 46.00 | 85.00 | 131.00 | OK | |
r-oldrel-macos-arm64 | 0.1.0 | NOTE | ||||
r-oldrel-macos-x86_64 | 0.1.0 | NOTE | ||||
r-oldrel-windows-ix86+x86_64 | 0.1.0 | 169.00 | 86.00 | 255.00 | OK |
Version: 0.1.0
Check: installed package size
Result: NOTE
installed size is 7.0Mb
sub-directories of 1Mb or more:
libs 6.9Mb
Flavors: r-devel-linux-x86_64-fedora-clang, r-release-macos-arm64, r-release-macos-x86_64, r-oldrel-macos-arm64, r-oldrel-macos-x86_64