Last updated on 2022-04-24 03:52:40 CEST.
Flavor | Version | Tinstall | Tcheck | Ttotal | Status | Flags |
---|---|---|---|---|---|---|
r-devel-linux-x86_64-debian-clang | 0.12-2 | 96.19 | 87.48 | 183.67 | OK | |
r-devel-linux-x86_64-debian-gcc | 0.12-2 | 78.67 | 64.34 | 143.01 | OK | |
r-devel-linux-x86_64-fedora-clang | 0.12-2 | 289.09 | NOTE | |||
r-devel-linux-x86_64-fedora-gcc | 0.12-2 | 212.86 | OK | |||
r-patched-linux-x86_64 | 0.12-2 | 84.22 | 82.22 | 166.44 | OK | |
r-release-linux-x86_64 | 0.12-2 | 82.33 | 80.91 | 163.24 | OK | |
r-release-macos-arm64 | 0.12-2 | NOTE | ||||
r-release-macos-x86_64 | 0.12-2 | NOTE | ||||
r-release-windows-x86_64 | 0.12-2 | 116.00 | 131.00 | 247.00 | OK | |
r-oldrel-macos-arm64 | 0.12-2 | NOTE | ||||
r-oldrel-macos-x86_64 | 0.12-2 | NOTE | ||||
r-oldrel-windows-ix86+x86_64 | 0.12-2 | 217.00 | 157.00 | 374.00 | OK |
Version: 0.12-2
Check: installed package size
Result: NOTE
installed size is 5.3Mb
sub-directories of 1Mb or more:
libs 4.7Mb
Flavors: r-devel-linux-x86_64-fedora-clang, r-release-macos-arm64, r-release-macos-x86_64, r-oldrel-macos-arm64, r-oldrel-macos-x86_64