Last updated on 2022-04-24 03:52:40 CEST.
Flavor | Version | Tinstall | Tcheck | Ttotal | Status | Flags |
---|---|---|---|---|---|---|
r-devel-linux-x86_64-debian-clang | 0.2.2 | 3.65 | 117.31 | 120.96 | NOTE | |
r-devel-linux-x86_64-debian-gcc | 0.2.2 | 2.85 | 86.17 | 89.02 | NOTE | |
r-devel-linux-x86_64-fedora-clang | 0.2.2 | 145.85 | NOTE | |||
r-devel-linux-x86_64-fedora-gcc | 0.2.2 | 136.90 | NOTE | |||
r-patched-linux-x86_64 | 0.2.2 | 4.55 | 114.55 | 119.10 | NOTE | |
r-release-linux-x86_64 | 0.2.2 | 3.44 | 113.28 | 116.72 | NOTE | |
r-release-macos-arm64 | 0.2.2 | NOTE | ||||
r-release-macos-x86_64 | 0.2.2 | NOTE | ||||
r-release-windows-x86_64 | 0.2.2 | 17.00 | 190.00 | 207.00 | NOTE | |
r-oldrel-macos-arm64 | 0.2.2 | NOTE | ||||
r-oldrel-macos-x86_64 | 0.2.2 | NOTE | ||||
r-oldrel-windows-ix86+x86_64 | 0.2.2 | 10.00 | 185.00 | 195.00 | NOTE |
Version: 0.2.2
Check: LazyData
Result: NOTE
'LazyData' is specified without a 'data' directory
Flavors: r-devel-linux-x86_64-debian-clang, r-devel-linux-x86_64-debian-gcc, r-devel-linux-x86_64-fedora-clang, r-devel-linux-x86_64-fedora-gcc, r-patched-linux-x86_64, r-release-linux-x86_64, r-release-macos-arm64, r-release-macos-x86_64, r-release-windows-x86_64, r-oldrel-macos-arm64, r-oldrel-macos-x86_64, r-oldrel-windows-ix86+x86_64