Last updated on 2022-04-24 03:52:40 CEST.
Flavor | Version | Tinstall | Tcheck | Ttotal | Status | Flags |
---|---|---|---|---|---|---|
r-devel-linux-x86_64-debian-clang | 2.0.6.0 | 128.73 | 197.55 | 326.28 | OK | |
r-devel-linux-x86_64-debian-gcc | 2.0.6.0 | 101.49 | 139.48 | 240.97 | OK | |
r-devel-linux-x86_64-fedora-clang | 2.0.6.0 | 420.20 | NOTE | |||
r-devel-linux-x86_64-fedora-gcc | 2.0.6.0 | 383.54 | OK | |||
r-patched-linux-x86_64 | 2.0.6.0 | 106.24 | 183.05 | 289.29 | OK | |
r-release-linux-x86_64 | 2.0.6.0 | 106.11 | 175.72 | 281.83 | OK | |
r-release-macos-arm64 | 2.0.6.0 | OK | ||||
r-release-macos-x86_64 | 2.0.6.0 | OK | ||||
r-release-windows-x86_64 | 2.0.6.0 | 122.00 | 213.00 | 335.00 | OK | |
r-oldrel-macos-arm64 | 2.0.6.0 | OK | ||||
r-oldrel-macos-x86_64 | 2.0.6.0 | OK | ||||
r-oldrel-windows-ix86+x86_64 | 2.0.6.0 | 295.00 | 314.00 | 609.00 | OK |
Version: 2.0.6.0
Check: Rd cross-references
Result: NOTE
Undeclared package ‘dplR’ in Rd xrefs
Flavor: r-devel-linux-x86_64-fedora-clang