Last updated on 2022-04-24 03:52:40 CEST.
Flavor | Version | Tinstall | Tcheck | Ttotal | Status | Flags |
---|---|---|---|---|---|---|
r-devel-linux-x86_64-debian-clang | 1.1 | 2.03 | 33.65 | 35.68 | NOTE | |
r-devel-linux-x86_64-debian-gcc | 1.1 | 1.22 | 25.38 | 26.60 | NOTE | |
r-devel-linux-x86_64-fedora-clang | 1.1 | 43.29 | NOTE | |||
r-devel-linux-x86_64-fedora-gcc | 1.1 | 31.93 | NOTE | |||
r-patched-linux-x86_64 | 1.1 | 2.04 | 31.77 | 33.81 | NOTE | |
r-release-linux-x86_64 | 1.1 | 2.03 | 31.36 | 33.39 | NOTE | |
r-release-macos-arm64 | 1.1 | NOTE | ||||
r-release-macos-x86_64 | 1.1 | NOTE | ||||
r-release-windows-x86_64 | 1.1 | 12.00 | 53.00 | 65.00 | NOTE | |
r-oldrel-macos-arm64 | 1.1 | NOTE | ||||
r-oldrel-macos-x86_64 | 1.1 | NOTE | ||||
r-oldrel-windows-ix86+x86_64 | 1.1 | 4.00 | 28.00 | 32.00 | NOTE |
Version: 1.1
Check: R code for possible problems
Result: NOTE
Build_JTree: no visible global function definition for 'flush.console'
Run_JTree: no visible global function definition for 'cov2cor'
Undefined global functions or variables:
cov2cor flush.console
Consider adding
importFrom("stats", "cov2cor")
importFrom("utils", "flush.console")
to your NAMESPACE file.
Flavors: r-devel-linux-x86_64-debian-clang, r-devel-linux-x86_64-debian-gcc, r-devel-linux-x86_64-fedora-clang, r-devel-linux-x86_64-fedora-gcc, r-patched-linux-x86_64, r-release-linux-x86_64, r-release-macos-arm64, r-release-macos-x86_64, r-release-windows-x86_64, r-oldrel-macos-arm64, r-oldrel-macos-x86_64, r-oldrel-windows-ix86+x86_64