Last updated on 2022-04-24 03:52:40 CEST.
Flavor | Version | Tinstall | Tcheck | Ttotal | Status | Flags |
---|---|---|---|---|---|---|
r-devel-linux-x86_64-debian-clang | 1.1.3 | 106.41 | 12.57 | 118.98 | ERROR | |
r-devel-linux-x86_64-debian-gcc | 1.1.3 | 81.60 | 40.59 | 122.19 | OK | |
r-devel-linux-x86_64-fedora-clang | 1.1.3 | 255.16 | NOTE | |||
r-devel-linux-x86_64-fedora-gcc | 1.1.3 | 192.29 | OK | |||
r-patched-linux-x86_64 | 1.1.3 | 86.51 | 51.73 | 138.24 | OK | |
r-release-linux-x86_64 | 1.1.3 | 83.78 | 47.72 | 131.50 | OK | |
r-release-macos-arm64 | 1.1.3 | NOTE | ||||
r-release-macos-x86_64 | 1.1.3 | NOTE | ||||
r-release-windows-x86_64 | 1.1.3 | 89.00 | 94.00 | 183.00 | OK | |
r-oldrel-macos-arm64 | 1.1.3 | NOTE | ||||
r-oldrel-macos-x86_64 | 1.1.3 | NOTE | ||||
r-oldrel-windows-ix86+x86_64 | 1.1.3 | 222.00 | 100.00 | 322.00 | OK |
Version: 1.1.3
Check: whether package can be installed
Result: ERROR
Installation failed.
Flavor: r-devel-linux-x86_64-debian-clang
Version: 1.1.3
Check: installed package size
Result: NOTE
installed size is 8.2Mb
sub-directories of 1Mb or more:
libs 8.0Mb
Flavors: r-devel-linux-x86_64-fedora-clang, r-release-macos-arm64, r-release-macos-x86_64, r-oldrel-macos-arm64, r-oldrel-macos-x86_64