Last updated on 2022-04-24 03:52:40 CEST.
Flavor | Version | Tinstall | Tcheck | Ttotal | Status | Flags |
---|---|---|---|---|---|---|
r-devel-linux-x86_64-debian-clang | 0.1.0 | 18.42 | 71.41 | 89.83 | OK | |
r-devel-linux-x86_64-debian-gcc | 0.1.0 | 16.24 | 54.77 | 71.01 | OK | |
r-devel-linux-x86_64-fedora-clang | 0.1.0 | 120.94 | OK | |||
r-devel-linux-x86_64-fedora-gcc | 0.1.0 | 97.13 | OK | |||
r-patched-linux-x86_64 | 0.1.0 | 18.24 | 68.57 | 86.81 | OK | |
r-release-linux-x86_64 | 0.1.0 | 14.54 | 43.74 | 58.28 | OK | |
r-release-macos-arm64 | 0.1.0 | OK | ||||
r-release-macos-x86_64 | 0.1.0 | WARN | ||||
r-release-windows-x86_64 | 0.1.0 | 47.00 | 118.00 | 165.00 | OK | |
r-oldrel-macos-arm64 | 0.1.0 | OK | ||||
r-oldrel-macos-x86_64 | 0.1.0 | WARN | ||||
r-oldrel-windows-ix86+x86_64 | 0.1.0 | 45.00 | 77.00 | 122.00 | OK |
Version: 0.1.0
Check: package dependencies
Result: NOTE
Package suggested but not available for checking: ‘ggtree’
Flavors: r-release-macos-x86_64, r-oldrel-macos-x86_64
Version: 0.1.0
Check: re-building of vignette outputs
Result: WARN
Error(s) in re-building vignettes:
...
--- re-building ‘structuredCoalescent.Rmd’ using rmarkdown
Warning in engine$weave(file, quiet = quiet, encoding = enc) :
Pandoc (>= 1.12.3) not available. Falling back to R Markdown v1.
Quitting from lines 64-65 (structuredCoalescent.Rmd)
Error: processing vignette 'structuredCoalescent.Rmd' failed with diagnostics:
"ggtree" %in% utils::installed.packages()[, 1] is not TRUE
--- failed re-building ‘structuredCoalescent.Rmd’
SUMMARY: processing the following file failed:
‘structuredCoalescent.Rmd’
Error: Vignette re-building failed.
Execution halted
Flavors: r-release-macos-x86_64, r-oldrel-macos-x86_64