Last updated on 2022-04-24 03:52:40 CEST.
Flavor | Version | Tinstall | Tcheck | Ttotal | Status | Flags |
---|---|---|---|---|---|---|
r-devel-linux-x86_64-debian-clang | 0.0.4 | 37.09 | 374.06 | 411.15 | OK | |
r-devel-linux-x86_64-debian-gcc | 0.0.4 | 33.82 | 272.10 | 305.92 | OK | |
r-devel-linux-x86_64-fedora-clang | 0.0.4 | 388.80 | NOTE | |||
r-devel-linux-x86_64-fedora-gcc | 0.0.4 | 480.42 | NOTE | |||
r-patched-linux-x86_64 | 0.0.4 | 28.03 | 349.63 | 377.66 | OK | |
r-release-linux-x86_64 | 0.0.4 | 31.34 | 312.63 | 343.97 | OK | |
r-release-macos-arm64 | 0.0.4 | NOTE | ||||
r-release-macos-x86_64 | 0.0.4 | NOTE | ||||
r-release-windows-x86_64 | 0.0.4 | 42.00 | 338.00 | 380.00 | OK | |
r-oldrel-macos-arm64 | 0.0.4 | NOTE | ||||
r-oldrel-macos-x86_64 | 0.0.4 | NOTE | ||||
r-oldrel-windows-ix86+x86_64 | 0.0.4 | 87.00 | 336.00 | 423.00 | OK |
Version: 0.0.4
Check: dependencies in R code
Result: NOTE
Namespace in Imports field not imported from: ‘rgeos’
All declared Imports should be used.
Flavors: r-devel-linux-x86_64-fedora-clang, r-devel-linux-x86_64-fedora-gcc, r-release-macos-arm64, r-release-macos-x86_64, r-oldrel-macos-arm64, r-oldrel-macos-x86_64