Last updated on 2022-04-24 03:52:40 CEST.
Flavor | Version | Tinstall | Tcheck | Ttotal | Status | Flags |
---|---|---|---|---|---|---|
r-devel-linux-x86_64-debian-clang | 1.2 | 1.53 | 32.87 | 34.40 | OK | |
r-devel-linux-x86_64-debian-gcc | 1.2 | 1.59 | 25.54 | 27.13 | OK | |
r-devel-linux-x86_64-fedora-clang | 1.2 | 42.16 | OK | |||
r-devel-linux-x86_64-fedora-gcc | 1.2 | 30.89 | OK | |||
r-patched-linux-x86_64 | 1.2 | 1.97 | 31.75 | 33.72 | OK | |
r-release-linux-x86_64 | 1.2 | 1.88 | 31.36 | 33.24 | OK | |
r-release-macos-arm64 | 1.2 | OK | ||||
r-release-macos-x86_64 | 1.2 | WARN | --as-cran | |||
r-release-windows-x86_64 | 1.2 | 16.00 | 49.00 | 65.00 | OK | |
r-oldrel-macos-arm64 | 1.2 | OK | ||||
r-oldrel-macos-x86_64 | 1.2 | WARN | --as-cran | |||
r-oldrel-windows-ix86+x86_64 | 1.2 | 5.00 | 39.00 | 44.00 | OK |
Version: 1.2
Flags: --as-cran
Check: CRAN incoming feasibility
Result: WARN
Maintainer: ‘Sandeep Kumar Patakamuri <sandeep.patakamuri@gmail.com>’
Insufficient package version (submitted: 1.2, existing: 1.2)
Days since last update: 1
Flavors: r-release-macos-x86_64, r-oldrel-macos-x86_64
Version: 1.2
Flags: --as-cran
Check: top-level files
Result: NOTE
Files ‘README.md’ or ‘NEWS.md’ cannot be checked without ‘pandoc’ being installed.
Flavors: r-release-macos-x86_64, r-oldrel-macos-x86_64