Last updated on 2022-04-24 03:52:40 CEST.
| Flavor | Version | Tinstall | Tcheck | Ttotal | Status | Flags | 
|---|---|---|---|---|---|---|
| r-devel-linux-x86_64-debian-clang | 0.1.5 | 932.77 | 452.79 | 1385.56 | NOTE | |
| r-devel-linux-x86_64-debian-gcc | 0.1.5 | 863.98 | 369.25 | 1233.23 | NOTE | |
| r-devel-linux-x86_64-fedora-clang | 0.1.5 | 1927.74 | NOTE | |||
| r-devel-linux-x86_64-fedora-gcc | 0.1.5 | 2106.62 | NOTE | |||
| r-patched-linux-x86_64 | 0.1.5 | 756.85 | 489.62 | 1246.47 | NOTE | |
| r-release-linux-x86_64 | 0.1.5 | 667.96 | 507.01 | 1174.97 | NOTE | |
| r-release-macos-arm64 | 0.1.5 | NOTE | ||||
| r-release-macos-x86_64 | 0.1.5 | NOTE | ||||
| r-release-windows-x86_64 | 0.1.5 | 704.00 | 641.00 | 1345.00 | NOTE | |
| r-oldrel-macos-arm64 | 0.1.5 | NOTE | ||||
| r-oldrel-macos-x86_64 | 0.1.5 | NOTE | ||||
| r-oldrel-windows-ix86+x86_64 | 0.1.5 | 2058.00 | 922.00 | 2980.00 | NOTE | 
Version: 0.1.5
Check: LazyData
Result: NOTE
      'LazyData' is specified without a 'data' directory
Flavors: r-devel-linux-x86_64-debian-clang, r-devel-linux-x86_64-debian-gcc, r-devel-linux-x86_64-fedora-clang, r-devel-linux-x86_64-fedora-gcc, r-patched-linux-x86_64, r-release-linux-x86_64, r-release-macos-arm64, r-release-macos-x86_64, r-release-windows-x86_64, r-oldrel-macos-arm64, r-oldrel-macos-x86_64, r-oldrel-windows-ix86+x86_64
Version: 0.1.5
Check: for GNU extensions in Makefiles
Result: NOTE
    GNU make is a SystemRequirements.
Flavors: r-devel-linux-x86_64-debian-clang, r-devel-linux-x86_64-debian-gcc, r-devel-linux-x86_64-fedora-clang, r-devel-linux-x86_64-fedora-gcc, r-patched-linux-x86_64, r-release-linux-x86_64, r-release-macos-arm64, r-release-macos-x86_64, r-release-windows-x86_64, r-oldrel-macos-arm64, r-oldrel-macos-x86_64, r-oldrel-windows-ix86+x86_64
Version: 0.1.5
Check: installed package size
Result: NOTE
      installed size is 94.9Mb
      sub-directories of 1Mb or more:
        doc    3.8Mb
        libs  90.0Mb
Flavors: r-devel-linux-x86_64-fedora-clang, r-release-macos-arm64, r-release-macos-x86_64, r-release-windows-x86_64, r-oldrel-macos-arm64, r-oldrel-macos-x86_64, r-oldrel-windows-ix86+x86_64