Last updated on 2022-04-24 03:52:40 CEST.
Flavor | Version | Tinstall | Tcheck | Ttotal | Status | Flags |
---|---|---|---|---|---|---|
r-devel-linux-x86_64-debian-clang | 0.12 | 2.17 | 37.95 | 40.12 | NOTE | |
r-devel-linux-x86_64-debian-gcc | 0.12 | 2.19 | 29.49 | 31.68 | NOTE | |
r-devel-linux-x86_64-fedora-clang | 0.12 | 50.88 | NOTE | |||
r-devel-linux-x86_64-fedora-gcc | 0.12 | 38.51 | NOTE | |||
r-patched-linux-x86_64 | 0.12 | 2.43 | 36.80 | 39.23 | NOTE | |
r-release-linux-x86_64 | 0.12 | 2.38 | 35.67 | 38.05 | NOTE | |
r-release-macos-arm64 | 0.12 | NOTE | ||||
r-release-macos-x86_64 | 0.12 | NOTE | ||||
r-release-windows-x86_64 | 0.12 | 22.00 | 56.00 | 78.00 | NOTE | |
r-oldrel-macos-arm64 | 0.12 | NOTE | ||||
r-oldrel-macos-x86_64 | 0.12 | NOTE | ||||
r-oldrel-windows-ix86+x86_64 | 0.12 | 6.00 | 45.00 | 51.00 | NOTE |
Version: 0.12
Check: LazyData
Result: NOTE
'LazyData' is specified without a 'data' directory
Flavors: r-devel-linux-x86_64-debian-clang, r-devel-linux-x86_64-debian-gcc, r-devel-linux-x86_64-fedora-clang, r-devel-linux-x86_64-fedora-gcc, r-patched-linux-x86_64, r-release-linux-x86_64, r-release-macos-arm64, r-release-macos-x86_64, r-release-windows-x86_64, r-oldrel-macos-arm64, r-oldrel-macos-x86_64, r-oldrel-windows-ix86+x86_64