Last updated on 2022-04-24 03:52:40 CEST.
Flavor | Version | Tinstall | Tcheck | Ttotal | Status | Flags |
---|---|---|---|---|---|---|
r-devel-linux-x86_64-debian-clang | 0.1.8 | 5.55 | 65.60 | 71.15 | NOTE | |
r-devel-linux-x86_64-debian-gcc | 0.1.8 | 3.93 | 49.19 | 53.12 | NOTE | |
r-devel-linux-x86_64-fedora-clang | 0.1.8 | 83.50 | NOTE | |||
r-devel-linux-x86_64-fedora-gcc | 0.1.8 | 70.30 | NOTE | |||
r-patched-linux-x86_64 | 0.1.8 | 4.36 | 60.24 | 64.60 | NOTE | |
r-release-linux-x86_64 | 0.1.8 | 4.39 | 56.06 | 60.45 | NOTE | |
r-release-macos-arm64 | 0.1.8 | NOTE | ||||
r-release-macos-x86_64 | 0.1.8 | NOTE | ||||
r-release-windows-x86_64 | 0.1.8 | 14.00 | 83.00 | 97.00 | NOTE | |
r-oldrel-macos-arm64 | 0.1.8 | NOTE | ||||
r-oldrel-macos-x86_64 | 0.1.8 | NOTE | ||||
r-oldrel-windows-ix86+x86_64 | 0.1.8 | 13.00 | 68.00 | 81.00 | NOTE |
Version: 0.1.8
Check: LazyData
Result: NOTE
'LazyData' is specified without a 'data' directory
Flavors: r-devel-linux-x86_64-debian-clang, r-devel-linux-x86_64-debian-gcc, r-devel-linux-x86_64-fedora-clang, r-devel-linux-x86_64-fedora-gcc, r-patched-linux-x86_64, r-release-linux-x86_64, r-release-macos-arm64, r-release-macos-x86_64, r-release-windows-x86_64, r-oldrel-macos-arm64, r-oldrel-macos-x86_64, r-oldrel-windows-ix86+x86_64