Last updated on 2022-04-24 03:52:40 CEST.
Flavor | Version | Tinstall | Tcheck | Ttotal | Status | Flags |
---|---|---|---|---|---|---|
r-devel-linux-x86_64-debian-clang | 1.2.2 | 10.04 | 107.77 | 117.81 | OK | |
r-devel-linux-x86_64-debian-gcc | 1.2.2 | 7.03 | 78.76 | 85.79 | OK | |
r-devel-linux-x86_64-fedora-clang | 1.2.2 | 134.30 | OK | |||
r-devel-linux-x86_64-fedora-gcc | 1.2.2 | 119.38 | OK | |||
r-patched-linux-x86_64 | 1.2.2 | 7.71 | 98.55 | 106.26 | OK | |
r-release-linux-x86_64 | 1.2.2 | 8.17 | 93.18 | 101.35 | OK | |
r-release-macos-arm64 | 1.2.2 | OK | ||||
r-release-macos-x86_64 | 1.2.2 | WARN | ||||
r-release-windows-x86_64 | 1.2.2 | 41.00 | 129.00 | 170.00 | OK | |
r-oldrel-macos-arm64 | 1.2.2 | OK | ||||
r-oldrel-macos-x86_64 | 1.2.2 | WARN | ||||
r-oldrel-windows-ix86+x86_64 | 1.2.2 | 21.00 | 114.00 | 135.00 | OK |
Version: 1.2.2
Check: re-building of vignette outputs
Result: WARN
Error(s) in re-building vignettes:
...
--- re-building ‘choropleth_maps_with_tricolore.Rmd’ using rmarkdown
Warning in engine$weave(file, quiet = quiet, encoding = enc) :
Pandoc (>= 1.12.3) not available. Falling back to R Markdown v1.
Quitting from lines 128-137 (choropleth_maps_with_tricolore.Rmd)
Error: processing vignette 'choropleth_maps_with_tricolore.Rmd' failed with diagnostics:
invalid 'path' argument
--- failed re-building ‘choropleth_maps_with_tricolore.Rmd’
SUMMARY: processing the following file failed:
‘choropleth_maps_with_tricolore.Rmd’
Error: Vignette re-building failed.
Execution halted
Flavors: r-release-macos-x86_64, r-oldrel-macos-x86_64