Last updated on 2022-04-24 03:52:40 CEST.
Flavor | Version | Tinstall | Tcheck | Ttotal | Status | Flags |
---|---|---|---|---|---|---|
r-devel-linux-x86_64-debian-clang | 0.3.0 | 76.78 | 43.20 | 119.98 | NOTE | |
r-devel-linux-x86_64-debian-gcc | 0.3.0 | 66.14 | 33.71 | 99.85 | NOTE | |
r-devel-linux-x86_64-fedora-clang | 0.3.0 | 186.87 | NOTE | |||
r-devel-linux-x86_64-fedora-gcc | 0.3.0 | 153.93 | NOTE | |||
r-patched-linux-x86_64 | 0.3.0 | 67.37 | 41.43 | 108.80 | NOTE | |
r-release-linux-x86_64 | 0.3.0 | 68.54 | 41.99 | 110.53 | NOTE | |
r-release-macos-arm64 | 0.3.0 | NOTE | ||||
r-release-macos-x86_64 | 0.3.0 | NOTE | ||||
r-release-windows-x86_64 | 0.3.0 | 94.00 | 98.00 | 192.00 | NOTE | |
r-oldrel-macos-arm64 | 0.3.0 | NOTE | ||||
r-oldrel-macos-x86_64 | 0.3.0 | NOTE | ||||
r-oldrel-windows-ix86+x86_64 | 0.3.0 | 195.00 | 85.00 | 280.00 | NOTE |
Version: 0.3.0
Check: LazyData
Result: NOTE
'LazyData' is specified without a 'data' directory
Flavors: r-devel-linux-x86_64-debian-clang, r-devel-linux-x86_64-debian-gcc, r-devel-linux-x86_64-fedora-clang, r-devel-linux-x86_64-fedora-gcc, r-patched-linux-x86_64, r-release-linux-x86_64, r-release-macos-arm64, r-release-macos-x86_64, r-release-windows-x86_64, r-oldrel-macos-arm64, r-oldrel-macos-x86_64, r-oldrel-windows-ix86+x86_64
Version: 0.3.0
Check: compiled code
Result: NOTE
File ‘triebeard/libs/triebeard.so’:
Found no calls to: ‘R_registerRoutines’, ‘R_useDynamicSymbols’
It is good practice to register native routines and to disable symbol
search.
See ‘Writing portable packages’ in the ‘Writing R Extensions’ manual.
Flavors: r-devel-linux-x86_64-fedora-clang, r-devel-linux-x86_64-fedora-gcc