Last updated on 2022-04-24 03:52:40 CEST.
Flavor | Version | Tinstall | Tcheck | Ttotal | Status | Flags |
---|---|---|---|---|---|---|
r-devel-linux-x86_64-debian-clang | 1.2 | 8.03 | 48.46 | 56.49 | NOTE | |
r-devel-linux-x86_64-debian-gcc | 1.2 | 6.38 | 37.91 | 44.29 | NOTE | |
r-devel-linux-x86_64-fedora-clang | 1.2 | 68.59 | NOTE | |||
r-devel-linux-x86_64-fedora-gcc | 1.2 | 58.28 | NOTE | |||
r-patched-linux-x86_64 | 1.2 | 6.60 | 48.88 | 55.48 | NOTE | |
r-release-linux-x86_64 | 1.2 | 6.91 | 46.09 | 53.00 | NOTE | |
r-release-macos-arm64 | 1.2 | NOTE | ||||
r-release-macos-x86_64 | 1.2 | NOTE | ||||
r-release-windows-x86_64 | 1.2 | 24.00 | 73.00 | 97.00 | NOTE | |
r-oldrel-macos-arm64 | 1.2 | NOTE | ||||
r-oldrel-macos-x86_64 | 1.2 | NOTE | ||||
r-oldrel-windows-ix86+x86_64 | 1.2 | 22.00 | 86.00 | 108.00 | NOTE |
Version: 1.2
Check: R code for possible problems
Result: NOTE
cinbag: no visible global function definition for 'var'
trimTrees: no visible global function definition for 'predict'
Undefined global functions or variables:
predict var
Consider adding
importFrom("stats", "predict", "var")
to your NAMESPACE file.
Flavors: r-devel-linux-x86_64-debian-clang, r-devel-linux-x86_64-debian-gcc, r-devel-linux-x86_64-fedora-clang, r-devel-linux-x86_64-fedora-gcc, r-patched-linux-x86_64, r-release-linux-x86_64, r-release-macos-arm64, r-release-macos-x86_64, r-release-windows-x86_64, r-oldrel-macos-arm64, r-oldrel-macos-x86_64, r-oldrel-windows-ix86+x86_64
Version: 1.2
Check: compiled code
Result: NOTE
File ‘trimTrees/libs/trimTrees.so’:
Found no calls to: ‘R_registerRoutines’, ‘R_useDynamicSymbols’
It is good practice to register native routines and to disable symbol
search.
See ‘Writing portable packages’ in the ‘Writing R Extensions’ manual.
Flavors: r-devel-linux-x86_64-fedora-clang, r-devel-linux-x86_64-fedora-gcc