Last updated on 2022-04-24 03:52:40 CEST.
Flavor | Version | Tinstall | Tcheck | Ttotal | Status | Flags |
---|---|---|---|---|---|---|
r-devel-linux-x86_64-debian-clang | 0.8.1 | 4.36 | 52.88 | 57.24 | NOTE | |
r-devel-linux-x86_64-debian-gcc | 0.8.1 | 3.10 | 39.01 | 42.11 | NOTE | |
r-devel-linux-x86_64-fedora-clang | 0.8.1 | 68.70 | NOTE | |||
r-devel-linux-x86_64-fedora-gcc | 0.8.1 | 54.17 | NOTE | |||
r-patched-linux-x86_64 | 0.8.1 | 2.78 | 48.39 | 51.17 | NOTE | |
r-release-linux-x86_64 | 0.8.1 | 3.38 | 47.18 | 50.56 | NOTE | |
r-release-macos-arm64 | 0.8.1 | NOTE | ||||
r-release-macos-x86_64 | 0.8.1 | NOTE | ||||
r-release-windows-x86_64 | 0.8.1 | 22.00 | 74.00 | 96.00 | NOTE | |
r-oldrel-macos-arm64 | 0.8.1 | NOTE | ||||
r-oldrel-macos-x86_64 | 0.8.1 | NOTE | ||||
r-oldrel-windows-ix86+x86_64 | 0.8.1 | 8.00 | 61.00 | 69.00 | NOTE |
Version: 0.8.1
Check: LazyData
Result: NOTE
'LazyData' is specified without a 'data' directory
Flavors: r-devel-linux-x86_64-debian-clang, r-devel-linux-x86_64-debian-gcc, r-devel-linux-x86_64-fedora-clang, r-devel-linux-x86_64-fedora-gcc, r-patched-linux-x86_64, r-release-linux-x86_64, r-release-macos-arm64, r-release-macos-x86_64, r-release-windows-x86_64, r-oldrel-macos-arm64, r-oldrel-macos-x86_64, r-oldrel-windows-ix86+x86_64