Last updated on 2022-04-24 03:52:40 CEST.
Flavor | Version | Tinstall | Tcheck | Ttotal | Status | Flags |
---|---|---|---|---|---|---|
r-devel-linux-x86_64-debian-clang | 1.0.1 | 1.99 | 39.43 | 41.42 | NOTE | |
r-devel-linux-x86_64-debian-gcc | 1.0.1 | 1.75 | 30.25 | 32.00 | NOTE | |
r-devel-linux-x86_64-fedora-clang | 1.0.1 | 51.75 | OK | |||
r-devel-linux-x86_64-fedora-gcc | 1.0.1 | 39.25 | OK | |||
r-patched-linux-x86_64 | 1.0.1 | 2.48 | 37.90 | 40.38 | NOTE | |
r-release-linux-x86_64 | 1.0.1 | 2.45 | 34.51 | 36.96 | NOTE | |
r-release-macos-arm64 | 1.0.1 | OK | ||||
r-release-macos-x86_64 | 1.0.1 | OK | ||||
r-release-windows-x86_64 | 1.0.1 | 11.00 | 59.00 | 70.00 | NOTE | |
r-oldrel-macos-arm64 | 1.0.1 | OK | ||||
r-oldrel-macos-x86_64 | 1.0.1 | OK | ||||
r-oldrel-windows-ix86+x86_64 | 1.0.1 | 5.00 | 43.00 | 48.00 | NOTE |
Version: 1.0.1
Check: package vignettes
Result: NOTE
Package vignette with placeholder title 'Vignette Title':
'trimr-vignette.Rmd'
Flavors: r-devel-linux-x86_64-debian-clang, r-devel-linux-x86_64-debian-gcc, r-patched-linux-x86_64, r-release-linux-x86_64, r-release-windows-x86_64, r-oldrel-windows-ix86+x86_64