Last updated on 2022-04-24 03:52:40 CEST.
Flavor | Version | Tinstall | Tcheck | Ttotal | Status | Flags |
---|---|---|---|---|---|---|
r-devel-linux-x86_64-debian-clang | 1.3.0 | 12.79 | 142.97 | 155.76 | NOTE | |
r-devel-linux-x86_64-debian-gcc | 1.3.0 | 8.93 | 104.88 | 113.81 | NOTE | |
r-devel-linux-x86_64-fedora-clang | 1.3.0 | 180.95 | NOTE | |||
r-devel-linux-x86_64-fedora-gcc | 1.3.0 | 165.98 | NOTE | |||
r-patched-linux-x86_64 | 1.3.0 | 8.05 | 130.13 | 138.18 | NOTE | |
r-release-linux-x86_64 | 1.3.0 | 7.33 | 120.41 | 127.74 | NOTE | |
r-release-macos-arm64 | 1.3.0 | NOTE | ||||
r-release-macos-x86_64 | 1.3.0 | NOTE | ||||
r-release-windows-x86_64 | 1.3.0 | 20.00 | 166.00 | 186.00 | NOTE | |
r-oldrel-macos-arm64 | 1.3.0 | NOTE | ||||
r-oldrel-macos-x86_64 | 1.3.0 | NOTE | ||||
r-oldrel-windows-ix86+x86_64 | 1.3.0 | 27.00 | 141.00 | 168.00 | NOTE |
Version: 1.3.0
Check: LazyData
Result: NOTE
'LazyData' is specified without a 'data' directory
Flavors: r-devel-linux-x86_64-debian-clang, r-devel-linux-x86_64-debian-gcc, r-devel-linux-x86_64-fedora-clang, r-devel-linux-x86_64-fedora-gcc, r-patched-linux-x86_64, r-release-linux-x86_64, r-release-macos-arm64, r-release-macos-x86_64, r-release-windows-x86_64, r-oldrel-macos-arm64, r-oldrel-macos-x86_64, r-oldrel-windows-ix86+x86_64