Last updated on 2022-04-24 03:52:40 CEST.
Flavor | Version | Tinstall | Tcheck | Ttotal | Status | Flags |
---|---|---|---|---|---|---|
r-devel-linux-x86_64-debian-clang | 0.1.5 | 3.33 | 40.03 | 43.36 | OK | |
r-devel-linux-x86_64-debian-gcc | 0.1.5 | 2.12 | 30.90 | 33.02 | OK | |
r-devel-linux-x86_64-fedora-clang | 0.1.5 | 55.80 | NOTE | |||
r-devel-linux-x86_64-fedora-gcc | 0.1.5 | 40.25 | NOTE | |||
r-patched-linux-x86_64 | 0.1.5 | 3.54 | 38.31 | 41.85 | OK | |
r-release-linux-x86_64 | 0.1.5 | 2.92 | 37.31 | 40.23 | OK | |
r-release-macos-arm64 | 0.1.5 | NOTE | ||||
r-release-macos-x86_64 | 0.1.5 | NOTE | ||||
r-release-windows-x86_64 | 0.1.5 | 19.00 | 59.00 | 78.00 | OK | |
r-oldrel-macos-arm64 | 0.1.5 | NOTE | ||||
r-oldrel-macos-x86_64 | 0.1.5 | NOTE | ||||
r-oldrel-windows-ix86+x86_64 | 0.1.5 | 9.00 | 48.00 | 57.00 | OK |
Version: 0.1.5
Check: dependencies in R code
Result: NOTE
Namespace in Imports field not imported from: ‘tibble’
All declared Imports should be used.
Flavors: r-devel-linux-x86_64-fedora-clang, r-devel-linux-x86_64-fedora-gcc, r-release-macos-arm64, r-release-macos-x86_64, r-oldrel-macos-arm64, r-oldrel-macos-x86_64
Version: 0.1.5
Check: data for non-ASCII characters
Result: NOTE
Note: found 1 marked UTF-8 string
Flavors: r-devel-linux-x86_64-fedora-clang, r-devel-linux-x86_64-fedora-gcc, r-release-macos-arm64, r-release-macos-x86_64, r-oldrel-macos-arm64, r-oldrel-macos-x86_64