Last updated on 2022-04-24 03:52:40 CEST.
Flavor | Version | Tinstall | Tcheck | Ttotal | Status | Flags |
---|---|---|---|---|---|---|
r-devel-linux-x86_64-debian-clang | 0.6 | 2.86 | 34.31 | 37.17 | NOTE | |
r-devel-linux-x86_64-debian-gcc | 0.6 | 2.77 | 26.91 | 29.68 | NOTE | |
r-devel-linux-x86_64-fedora-clang | 0.6 | 46.00 | NOTE | |||
r-devel-linux-x86_64-fedora-gcc | 0.6 | 35.01 | NOTE | |||
r-patched-linux-x86_64 | 0.6 | 3.36 | 33.12 | 36.48 | NOTE | |
r-release-linux-x86_64 | 0.6 | 2.48 | 33.08 | 35.56 | NOTE | |
r-release-macos-arm64 | 0.6 | NOTE | ||||
r-release-macos-x86_64 | 0.6 | NOTE | ||||
r-release-windows-x86_64 | 0.6 | 20.00 | 50.00 | 70.00 | NOTE | |
r-oldrel-macos-arm64 | 0.6 | NOTE | ||||
r-oldrel-macos-x86_64 | 0.6 | NOTE | ||||
r-oldrel-windows-ix86+x86_64 | 0.6 | 8.00 | 30.00 | 38.00 | NOTE |
Version: 0.6
Check: DESCRIPTION meta-information
Result: NOTE
Malformed Title field: should not end in a period.
Flavors: r-devel-linux-x86_64-debian-clang, r-devel-linux-x86_64-debian-gcc, r-devel-linux-x86_64-fedora-clang, r-devel-linux-x86_64-fedora-gcc, r-patched-linux-x86_64, r-release-linux-x86_64, r-release-macos-arm64, r-release-macos-x86_64, r-release-windows-x86_64, r-oldrel-macos-arm64, r-oldrel-macos-x86_64, r-oldrel-windows-ix86+x86_64