Last updated on 2022-04-24 03:52:40 CEST.
Flavor | Version | Tinstall | Tcheck | Ttotal | Status | Flags |
---|---|---|---|---|---|---|
r-devel-linux-x86_64-debian-clang | 1.2.2 | 5.48 | 54.99 | 60.47 | NOTE | |
r-devel-linux-x86_64-debian-gcc | 1.2.2 | 3.53 | 42.31 | 45.84 | NOTE | |
r-devel-linux-x86_64-fedora-clang | 1.2.2 | 72.28 | NOTE | |||
r-devel-linux-x86_64-fedora-gcc | 1.2.2 | 61.39 | NOTE | |||
r-patched-linux-x86_64 | 1.2.2 | 4.87 | 53.61 | 58.48 | NOTE | |
r-release-linux-x86_64 | 1.2.2 | 4.44 | 51.64 | 56.08 | NOTE | |
r-release-macos-arm64 | 1.2.2 | NOTE | ||||
r-release-macos-x86_64 | 1.2.2 | NOTE | ||||
r-release-windows-x86_64 | 1.2.2 | 14.00 | 76.00 | 90.00 | NOTE | |
r-oldrel-macos-arm64 | 1.2.2 | NOTE | ||||
r-oldrel-macos-x86_64 | 1.2.2 | NOTE | ||||
r-oldrel-windows-ix86+x86_64 | 1.2.2 | 9.00 | 67.00 | 76.00 | NOTE |
Version: 1.2.2
Check: DESCRIPTION meta-information
Result: NOTE
Malformed Description field: should contain one or more complete sentences.
Flavors: r-devel-linux-x86_64-debian-clang, r-devel-linux-x86_64-debian-gcc, r-devel-linux-x86_64-fedora-clang, r-devel-linux-x86_64-fedora-gcc, r-patched-linux-x86_64, r-release-linux-x86_64, r-release-macos-arm64, r-release-macos-x86_64, r-release-windows-x86_64, r-oldrel-macos-arm64, r-oldrel-macos-x86_64, r-oldrel-windows-ix86+x86_64