Last updated on 2022-04-24 03:52:41 CEST.
Flavor | Version | Tinstall | Tcheck | Ttotal | Status | Flags |
---|---|---|---|---|---|---|
r-devel-linux-x86_64-debian-clang | 0.8.7.3 | 55.40 | 102.18 | 157.58 | OK | |
r-devel-linux-x86_64-debian-gcc | 0.8.7.3 | 40.19 | 78.02 | 118.21 | OK | |
r-devel-linux-x86_64-fedora-clang | 0.8.7.3 | 194.69 | NOTE | |||
r-devel-linux-x86_64-fedora-gcc | 0.8.7.3 | 178.60 | OK | |||
r-patched-linux-x86_64 | 0.8.7.3 | 43.39 | 99.57 | 142.96 | OK | |
r-release-linux-x86_64 | 0.8.7.3 | 42.97 | 75.60 | 118.57 | OK | |
r-release-macos-arm64 | 0.8.7.3 | NOTE | ||||
r-release-macos-x86_64 | 0.8.7.3 | NOTE | ||||
r-release-windows-x86_64 | 0.8.7.3 | 49.00 | 142.00 | 191.00 | OK | |
r-oldrel-macos-arm64 | 0.8.7.3 | NOTE | ||||
r-oldrel-macos-x86_64 | 0.8.7.3 | NOTE | ||||
r-oldrel-windows-ix86+x86_64 | 0.8.7.3 | 102.00 | 129.00 | 231.00 | OK |
Version: 0.8.7.3
Check: installed package size
Result: NOTE
installed size is 6.9Mb
sub-directories of 1Mb or more:
libs 6.6Mb
Flavors: r-devel-linux-x86_64-fedora-clang, r-release-macos-arm64, r-release-macos-x86_64, r-oldrel-macos-arm64, r-oldrel-macos-x86_64