Last updated on 2022-04-24 03:52:41 CEST.
Flavor | Version | Tinstall | Tcheck | Ttotal | Status | Flags |
---|---|---|---|---|---|---|
r-devel-linux-x86_64-debian-clang | 1.2.5 | 5.38 | 102.05 | 107.43 | OK | |
r-devel-linux-x86_64-debian-gcc | 1.2.5 | 3.67 | 77.15 | 80.82 | OK | |
r-devel-linux-x86_64-fedora-clang | 1.2.5 | 119.43 | NOTE | |||
r-devel-linux-x86_64-fedora-gcc | 1.2.5 | 112.67 | NOTE | |||
r-patched-linux-x86_64 | 1.2.5 | 6.60 | 96.90 | 103.50 | OK | |
r-release-linux-x86_64 | 1.2.5 | 4.01 | 94.40 | 98.41 | OK | |
r-release-macos-arm64 | 1.2.5 | NOTE | ||||
r-release-macos-x86_64 | 1.2.5 | NOTE | ||||
r-release-windows-x86_64 | 1.2.5 | 56.00 | 131.00 | 187.00 | OK | |
r-oldrel-macos-arm64 | 1.2.5 | NOTE | ||||
r-oldrel-macos-x86_64 | 1.2.5 | NOTE | ||||
r-oldrel-windows-ix86+x86_64 | 1.2.5 | 12.00 | 117.00 | 129.00 | OK |
Version: 1.2.5
Check: dependencies in R code
Result: NOTE
Namespaces in Imports field not imported from:
‘DT’ ‘ez’ ‘forcats’ ‘ggplot2’
All declared Imports should be used.
Flavors: r-devel-linux-x86_64-fedora-clang, r-devel-linux-x86_64-fedora-gcc, r-release-macos-arm64, r-release-macos-x86_64, r-oldrel-macos-arm64, r-oldrel-macos-x86_64
Version: 1.2.5
Check: data for non-ASCII characters
Result: NOTE
Note: found 118 marked UTF-8 strings
Flavors: r-devel-linux-x86_64-fedora-clang, r-devel-linux-x86_64-fedora-gcc, r-release-macos-arm64, r-release-macos-x86_64, r-oldrel-macos-arm64, r-oldrel-macos-x86_64