Last updated on 2022-04-24 03:52:41 CEST.
Flavor | Version | Tinstall | Tcheck | Ttotal | Status | Flags |
---|---|---|---|---|---|---|
r-devel-linux-x86_64-debian-clang | 1.0-3 | 5.11 | 42.95 | 48.06 | NOTE | |
r-devel-linux-x86_64-debian-gcc | 1.0-3 | 4.65 | 31.61 | 36.26 | NOTE | |
r-devel-linux-x86_64-fedora-clang | 1.0-3 | 60.98 | NOTE | |||
r-devel-linux-x86_64-fedora-gcc | 1.0-3 | 47.56 | NOTE | |||
r-patched-linux-x86_64 | 1.0-3 | 5.70 | 39.90 | 45.60 | NOTE | |
r-release-linux-x86_64 | 1.0-3 | 5.42 | 39.58 | 45.00 | NOTE | |
r-release-macos-arm64 | 1.0-3 | NOTE | ||||
r-release-macos-x86_64 | 1.0-3 | NOTE | ||||
r-release-windows-x86_64 | 1.0-3 | 15.00 | 71.00 | 86.00 | NOTE | |
r-oldrel-macos-arm64 | 1.0-3 | NOTE | ||||
r-oldrel-macos-x86_64 | 1.0-3 | NOTE | ||||
r-oldrel-windows-ix86+x86_64 | 1.0-3 | 15.00 | 52.00 | 67.00 | NOTE |
Version: 1.0-3
Check: R code for possible problems
Result: NOTE
Qhat: no visible global function definition for 'pnorm'
plrt: no visible global function definition for 'uniroot'
plrt: no visible global function definition for 'optimize'
simulatedata: no visible global function definition for 'rnorm'
tsc.test: no visible global function definition for 'shapiro.test'
tsc.test: no visible global function definition for 'p.adjust'
tsc.test: no visible global function definition for 'glm'
tsc.test : f: no visible global function definition for 'pnorm'
tsc.test: no visible global function definition for 'uniroot'
tsc.test: no visible global function definition for 'optimize'
variance: no visible global function definition for 'density'
variance: no visible global function definition for 'ecdf'
Undefined global functions or variables:
density ecdf glm optimize p.adjust pnorm rnorm shapiro.test uniroot
Consider adding
importFrom("stats", "density", "ecdf", "glm", "optimize", "p.adjust",
"pnorm", "rnorm", "shapiro.test", "uniroot")
to your NAMESPACE file.
Flavors: r-devel-linux-x86_64-debian-clang, r-devel-linux-x86_64-debian-gcc, r-devel-linux-x86_64-fedora-clang, r-devel-linux-x86_64-fedora-gcc, r-patched-linux-x86_64, r-release-linux-x86_64, r-release-macos-arm64, r-release-macos-x86_64, r-release-windows-x86_64, r-oldrel-macos-arm64, r-oldrel-macos-x86_64, r-oldrel-windows-ix86+x86_64
Version: 1.0-3
Check: compiled code
Result: NOTE
File ‘tsc/libs/tsc.so’:
Found no calls to: ‘R_registerRoutines’, ‘R_useDynamicSymbols’
It is good practice to register native routines and to disable symbol
search.
See ‘Writing portable packages’ in the ‘Writing R Extensions’ manual.
Flavors: r-devel-linux-x86_64-fedora-clang, r-devel-linux-x86_64-fedora-gcc