Last updated on 2022-04-24 03:52:41 CEST.
Flavor | Version | Tinstall | Tcheck | Ttotal | Status | Flags |
---|---|---|---|---|---|---|
r-devel-linux-x86_64-debian-clang | 1.0.4 | 11.69 | 108.58 | 120.27 | OK | |
r-devel-linux-x86_64-debian-gcc | 1.0.4 | 9.32 | 80.50 | 89.82 | OK | |
r-devel-linux-x86_64-fedora-clang | 1.0.4 | 142.12 | NOTE | |||
r-devel-linux-x86_64-fedora-gcc | 1.0.4 | 128.44 | NOTE | |||
r-patched-linux-x86_64 | 1.0.4 | 7.83 | 101.82 | 109.65 | OK | |
r-release-linux-x86_64 | 1.0.4 | 9.29 | 95.44 | 104.73 | OK | |
r-release-macos-arm64 | 1.0.4 | NOTE | ||||
r-release-macos-x86_64 | 1.0.4 | NOTE | ||||
r-release-windows-x86_64 | 1.0.4 | 28.00 | 119.00 | 147.00 | OK | |
r-oldrel-macos-arm64 | 1.0.4 | NOTE | ||||
r-oldrel-macos-x86_64 | 1.0.4 | NOTE | ||||
r-oldrel-windows-ix86+x86_64 | 1.0.4 | 26.00 | 110.00 | 136.00 | OK |
Version: 1.0.4
Check: dependencies in R code
Result: NOTE
Namespace in Imports field not imported from: ‘wordcloud2’
All declared Imports should be used.
Flavors: r-devel-linux-x86_64-fedora-clang, r-devel-linux-x86_64-fedora-gcc, r-release-macos-arm64, r-release-macos-x86_64, r-oldrel-macos-arm64, r-oldrel-macos-x86_64