Last updated on 2022-04-24 03:52:41 CEST.
Flavor | Version | Tinstall | Tcheck | Ttotal | Status | Flags |
---|---|---|---|---|---|---|
r-devel-linux-x86_64-debian-clang | 1.0.2 | 10.18 | 124.50 | 134.68 | NOTE | |
r-devel-linux-x86_64-debian-gcc | 1.0.2 | 7.48 | 90.19 | 97.67 | NOTE | |
r-devel-linux-x86_64-fedora-clang | 1.0.2 | 154.32 | NOTE | |||
r-devel-linux-x86_64-fedora-gcc | 1.0.2 | 141.76 | NOTE | |||
r-patched-linux-x86_64 | 1.0.2 | 6.06 | 116.06 | 122.12 | NOTE | |
r-release-linux-x86_64 | 1.0.2 | 7.58 | 109.99 | 117.57 | NOTE | |
r-release-macos-arm64 | 1.0.2 | NOTE | ||||
r-release-macos-x86_64 | 1.0.2 | NOTE | ||||
r-release-windows-x86_64 | 1.0.2 | 46.00 | 147.00 | 193.00 | NOTE | |
r-oldrel-macos-arm64 | 1.0.2 | NOTE | ||||
r-oldrel-macos-x86_64 | 1.0.2 | NOTE | ||||
r-oldrel-windows-ix86+x86_64 | 1.0.2 | 21.00 | 133.00 | 154.00 | NOTE |
Version: 1.0.2
Check: LazyData
Result: NOTE
'LazyData' is specified without a 'data' directory
Flavors: r-devel-linux-x86_64-debian-clang, r-devel-linux-x86_64-debian-gcc, r-devel-linux-x86_64-fedora-clang, r-devel-linux-x86_64-fedora-gcc, r-patched-linux-x86_64, r-release-linux-x86_64, r-release-macos-arm64, r-release-macos-x86_64, r-release-windows-x86_64, r-oldrel-macos-arm64, r-oldrel-macos-x86_64, r-oldrel-windows-ix86+x86_64