Last updated on 2022-04-24 03:52:41 CEST.
Flavor | Version | Tinstall | Tcheck | Ttotal | Status | Flags |
---|---|---|---|---|---|---|
r-devel-linux-x86_64-debian-clang | 0.1.0 | 13.08 | 96.72 | 109.80 | OK | |
r-devel-linux-x86_64-debian-gcc | 0.1.0 | 9.99 | 70.92 | 80.91 | OK | |
r-devel-linux-x86_64-fedora-clang | 0.1.0 | 0.00 | NOTE | |||
r-devel-linux-x86_64-fedora-gcc | 0.1.0 | 114.03 | NOTE | |||
r-patched-linux-x86_64 | 0.1.0 | 10.43 | 89.77 | 100.20 | OK | |
r-release-linux-x86_64 | 0.1.0 | 7.39 | 86.22 | 93.61 | OK | |
r-release-macos-arm64 | 0.1.0 | NOTE | ||||
r-release-macos-x86_64 | 0.1.0 | NOTE | ||||
r-release-windows-x86_64 | 0.1.0 | 45.00 | 108.00 | 153.00 | OK | |
r-oldrel-macos-arm64 | 0.1.0 | NOTE | ||||
r-oldrel-macos-x86_64 | 0.1.0 | NOTE | ||||
r-oldrel-windows-ix86+x86_64 | 0.1.0 | 25.00 | 101.00 | 126.00 | OK |
Version: 0.1.0
Check: dependencies in R code
Result: NOTE
Namespaces in Imports field not imported from:
‘R6’ ‘crosstalk’
All declared Imports should be used.
Flavors: r-devel-linux-x86_64-fedora-clang, r-devel-linux-x86_64-fedora-gcc, r-release-macos-arm64, r-release-macos-x86_64, r-oldrel-macos-arm64, r-oldrel-macos-x86_64