Last updated on 2022-04-24 03:52:41 CEST.
Flavor | Version | Tinstall | Tcheck | Ttotal | Status | Flags |
---|---|---|---|---|---|---|
r-devel-linux-x86_64-debian-clang | 0.6-8 | 9.78 | 108.27 | 118.05 | OK | |
r-devel-linux-x86_64-debian-gcc | 0.6-8 | 8.11 | 77.94 | 86.05 | OK | |
r-devel-linux-x86_64-fedora-clang | 0.6-8 | 140.68 | NOTE | |||
r-devel-linux-x86_64-fedora-gcc | 0.6-8 | 126.81 | OK | |||
r-patched-linux-x86_64 | 0.6-8 | 9.54 | 101.52 | 111.06 | OK | |
r-release-linux-x86_64 | 0.6-8 | 5.90 | 95.23 | 101.13 | OK | |
r-release-macos-arm64 | 0.6-8 | OK | ||||
r-release-macos-x86_64 | 0.6-8 | OK | ||||
r-release-windows-x86_64 | 0.6-8 | 28.00 | 135.00 | 163.00 | OK | |
r-oldrel-macos-arm64 | 0.6-8 | OK | ||||
r-oldrel-macos-x86_64 | 0.6-8 | OK | ||||
r-oldrel-windows-ix86+x86_64 | 0.6-8 | 21.00 | 118.00 | 139.00 | OK |
Version: 0.6-8
Check: Rd cross-references
Result: NOTE
Undeclared package ‘tseries’ in Rd xrefs
Flavor: r-devel-linux-x86_64-fedora-clang