Last updated on 2022-04-24 03:52:41 CEST.
Flavor | Version | Tinstall | Tcheck | Ttotal | Status | Flags |
---|---|---|---|---|---|---|
r-devel-linux-x86_64-debian-clang | 0.9.2 | 13.87 | 110.81 | 124.68 | OK | |
r-devel-linux-x86_64-debian-gcc | 0.9.2 | 10.04 | 83.24 | 93.28 | OK | |
r-devel-linux-x86_64-fedora-clang | 0.9.2 | 143.80 | NOTE | |||
r-devel-linux-x86_64-fedora-gcc | 0.9.2 | 129.69 | OK | |||
r-patched-linux-x86_64 | 0.9.2 | 12.23 | 104.59 | 116.82 | OK | |
r-release-linux-x86_64 | 0.9.2 | 9.47 | 98.98 | 108.45 | OK | |
r-release-macos-arm64 | 0.9.2 | OK | ||||
r-release-macos-x86_64 | 0.9.2 | OK | ||||
r-release-windows-x86_64 | 0.9.2 | 27.00 | 123.00 | 150.00 | OK | |
r-oldrel-macos-arm64 | 0.9.2 | OK | ||||
r-oldrel-macos-x86_64 | 0.9.2 | OK | ||||
r-oldrel-windows-ix86+x86_64 | 0.9.2 | 27.00 | 113.00 | 140.00 | OK |
Version: 0.9.2
Check: Rd cross-references
Result: NOTE
Undeclared package ‘glmnet’ in Rd xrefs
Flavor: r-devel-linux-x86_64-fedora-clang