Last updated on 2022-04-24 03:52:41 CEST.
Flavor | Version | Tinstall | Tcheck | Ttotal | Status | Flags |
---|---|---|---|---|---|---|
r-devel-linux-x86_64-debian-clang | 0.8.5.1 | 2.38 | 46.05 | 48.43 | NOTE | |
r-devel-linux-x86_64-debian-gcc | 0.8.5.1 | 1.97 | 36.38 | 38.35 | NOTE | |
r-devel-linux-x86_64-fedora-clang | 0.8.5.1 | 55.21 | NOTE | |||
r-devel-linux-x86_64-fedora-gcc | 0.8.5.1 | 42.84 | NOTE | |||
r-patched-linux-x86_64 | 0.8.5.1 | 2.19 | 44.50 | 46.69 | NOTE | |
r-release-linux-x86_64 | 0.8.5.1 | 1.91 | 43.88 | 45.79 | NOTE | |
r-release-macos-arm64 | 0.8.5.1 | NOTE | ||||
r-release-macos-x86_64 | 0.8.5.1 | NOTE | ||||
r-release-windows-x86_64 | 0.8.5.1 | 10.00 | 61.00 | 71.00 | NOTE | |
r-oldrel-macos-arm64 | 0.8.5.1 | NOTE | ||||
r-oldrel-macos-x86_64 | 0.8.5.1 | NOTE | ||||
r-oldrel-windows-ix86+x86_64 | 0.8.5.1 | 6.00 | 47.00 | 53.00 | NOTE |
Version: 0.8.5.1
Check: DESCRIPTION meta-information
Result: NOTE
Malformed Title field: should not end in a period.
Flavors: r-devel-linux-x86_64-debian-clang, r-devel-linux-x86_64-debian-gcc, r-devel-linux-x86_64-fedora-clang, r-devel-linux-x86_64-fedora-gcc, r-patched-linux-x86_64, r-release-linux-x86_64, r-release-macos-arm64, r-release-macos-x86_64, r-release-windows-x86_64, r-oldrel-macos-arm64, r-oldrel-macos-x86_64, r-oldrel-windows-ix86+x86_64
Version: 0.8.5.1
Check: R code for possible problems
Result: NOTE
ttwa: no visible global function definition for 'aggregate'
ttwa: no visible global function definition for 'txtProgressBar'
ttwa: no visible global function definition for 'setTxtProgressBar'
Undefined global functions or variables:
aggregate setTxtProgressBar txtProgressBar
Consider adding
importFrom("stats", "aggregate")
importFrom("utils", "setTxtProgressBar", "txtProgressBar")
to your NAMESPACE file.
Flavors: r-devel-linux-x86_64-debian-clang, r-devel-linux-x86_64-debian-gcc, r-devel-linux-x86_64-fedora-clang, r-devel-linux-x86_64-fedora-gcc, r-patched-linux-x86_64, r-release-linux-x86_64, r-release-macos-arm64, r-release-macos-x86_64, r-release-windows-x86_64, r-oldrel-macos-arm64, r-oldrel-macos-x86_64, r-oldrel-windows-ix86+x86_64