Last updated on 2022-04-24 03:52:41 CEST.
Flavor | Version | Tinstall | Tcheck | Ttotal | Status | Flags |
---|---|---|---|---|---|---|
r-devel-linux-x86_64-debian-clang | 0.9.9 | 7.66 | 76.08 | 83.74 | NOTE | |
r-devel-linux-x86_64-debian-gcc | 0.9.9 | 4.85 | 56.99 | 61.84 | NOTE | |
r-devel-linux-x86_64-fedora-clang | 0.9.9 | 98.92 | NOTE | |||
r-devel-linux-x86_64-fedora-gcc | 0.9.9 | 84.99 | NOTE | |||
r-patched-linux-x86_64 | 0.9.9 | 12.56 | 70.27 | 82.83 | NOTE | |
r-release-linux-x86_64 | 0.9.9 | 5.50 | 67.72 | 73.22 | NOTE | |
r-release-macos-arm64 | 0.9.9 | NOTE | ||||
r-release-macos-x86_64 | 0.9.9 | NOTE | ||||
r-release-windows-x86_64 | 0.9.9 | 27.00 | 104.00 | 131.00 | NOTE | |
r-oldrel-macos-arm64 | 0.9.9 | NOTE | ||||
r-oldrel-macos-x86_64 | 0.9.9 | NOTE | ||||
r-oldrel-windows-ix86+x86_64 | 0.9.9 | 17.00 | 83.00 | 100.00 | NOTE |
Version: 0.9.9
Check: LazyData
Result: NOTE
'LazyData' is specified without a 'data' directory
Flavors: r-devel-linux-x86_64-debian-clang, r-devel-linux-x86_64-debian-gcc, r-devel-linux-x86_64-fedora-clang, r-devel-linux-x86_64-fedora-gcc, r-patched-linux-x86_64, r-release-linux-x86_64, r-release-macos-arm64, r-release-macos-x86_64, r-release-windows-x86_64, r-oldrel-macos-arm64, r-oldrel-macos-x86_64, r-oldrel-windows-ix86+x86_64