Last updated on 2022-04-24 03:52:41 CEST.
Flavor | Version | Tinstall | Tcheck | Ttotal | Status | Flags |
---|---|---|---|---|---|---|
r-devel-linux-x86_64-debian-clang | 1.0.0 | 3.31 | 68.14 | 71.45 | OK | |
r-devel-linux-x86_64-debian-gcc | 1.0.0 | 2.55 | 51.01 | 53.56 | OK | |
r-devel-linux-x86_64-fedora-clang | 1.0.0 | 85.09 | NOTE | |||
r-devel-linux-x86_64-fedora-gcc | 1.0.0 | 72.21 | NOTE | |||
r-patched-linux-x86_64 | 1.0.0 | 2.52 | 65.00 | 67.52 | OK | |
r-release-linux-x86_64 | 1.0.0 | 3.24 | 64.73 | 67.97 | OK | |
r-release-macos-arm64 | 1.0.0 | NOTE | ||||
r-release-macos-x86_64 | 1.0.0 | NOTE | ||||
r-release-windows-x86_64 | 1.0.0 | 25.00 | 82.00 | 107.00 | OK | |
r-oldrel-macos-arm64 | 1.0.0 | NOTE | ||||
r-oldrel-macos-x86_64 | 1.0.0 | NOTE | ||||
r-oldrel-windows-ix86+x86_64 | 1.0.0 | 6.00 | 81.00 | 87.00 | OK |
Version: 1.0.0
Check: dependencies in R code
Result: NOTE
Namespace in Imports field not imported from: ‘Rdpack’
All declared Imports should be used.
Flavors: r-devel-linux-x86_64-fedora-clang, r-devel-linux-x86_64-fedora-gcc, r-release-macos-arm64, r-release-macos-x86_64, r-oldrel-macos-arm64, r-oldrel-macos-x86_64