Last updated on 2022-04-24 03:52:41 CEST.
Flavor | Version | Tinstall | Tcheck | Ttotal | Status | Flags |
---|---|---|---|---|---|---|
r-devel-linux-x86_64-debian-clang | 1.2 | 4.29 | 46.90 | 51.19 | NOTE | |
r-devel-linux-x86_64-debian-gcc | 1.2 | 3.22 | 36.51 | 39.73 | NOTE | |
r-devel-linux-x86_64-fedora-clang | 1.2 | 61.18 | NOTE | |||
r-devel-linux-x86_64-fedora-gcc | 1.2 | 50.10 | NOTE | |||
r-patched-linux-x86_64 | 1.2 | 4.70 | 45.69 | 50.39 | OK | |
r-release-linux-x86_64 | 1.2 | 4.04 | 44.49 | 48.53 | OK | |
r-release-macos-arm64 | 1.2 | OK | ||||
r-release-macos-x86_64 | 1.2 | OK | ||||
r-release-windows-x86_64 | 1.2 | 13.00 | 65.00 | 78.00 | OK | |
r-oldrel-macos-arm64 | 1.2 | OK | ||||
r-oldrel-macos-x86_64 | 1.2 | OK | ||||
r-oldrel-windows-ix86+x86_64 | 1.2 | 9.00 | 57.00 | 66.00 | OK |
Version: 1.2
Check: Rd files
Result: NOTE
checkRd: (7) file 'post.Rd': \item in \arguments must have non-empty label
checkRd: (7) file 'post.edit.Rd': \item in \arguments must have non-empty label
checkRd: (7) file 'post.reblog.Rd': \item in \arguments must have non-empty label
Flavors: r-devel-linux-x86_64-debian-clang, r-devel-linux-x86_64-debian-gcc, r-devel-linux-x86_64-fedora-clang, r-devel-linux-x86_64-fedora-gcc