Last updated on 2022-04-24 03:52:41 CEST.
Flavor | Version | Tinstall | Tcheck | Ttotal | Status | Flags |
---|---|---|---|---|---|---|
r-devel-linux-x86_64-debian-clang | 0.2.0 | 26.19 | 189.60 | 215.79 | OK | |
r-devel-linux-x86_64-debian-gcc | 0.2.0 | 18.80 | 140.22 | 159.02 | OK | |
r-devel-linux-x86_64-fedora-clang | 0.2.0 | 0.00 | NOTE | |||
r-devel-linux-x86_64-fedora-gcc | 0.2.0 | 232.93 | OK | |||
r-patched-linux-x86_64 | 0.2.0 | 27.92 | 173.36 | 201.28 | OK | |
r-release-linux-x86_64 | 0.2.0 | 20.65 | 162.69 | 183.34 | OK | |
r-release-macos-arm64 | 0.2.0 | OK | ||||
r-release-macos-x86_64 | 0.2.0 | OK | ||||
r-release-windows-x86_64 | 0.2.0 | 79.00 | 198.00 | 277.00 | OK | |
r-oldrel-macos-arm64 | 0.2.0 | OK | ||||
r-oldrel-macos-x86_64 | 0.2.0 | OK | ||||
r-oldrel-windows-ix86+x86_64 | 0.2.0 | 50.00 | 185.00 | 235.00 | OK |
Version: 0.2.0
Check: package dependencies
Result: NOTE
Imports includes 21 non-default packages.
Importing from so many packages makes the package vulnerable to any of
them becoming unavailable. Move as many as possible to Suggests and
use conditionally.
Flavor: r-devel-linux-x86_64-fedora-clang