Last updated on 2022-04-24 03:52:41 CEST.
Flavor | Version | Tinstall | Tcheck | Ttotal | Status | Flags |
---|---|---|---|---|---|---|
r-devel-linux-x86_64-debian-clang | 1.1 | 11.55 | 155.56 | 167.11 | OK | |
r-devel-linux-x86_64-debian-gcc | 1.1 | 9.33 | 118.44 | 127.77 | OK | |
r-devel-linux-x86_64-fedora-clang | 1.1 | 208.95 | NOTE | |||
r-devel-linux-x86_64-fedora-gcc | 1.1 | 184.39 | OK | |||
r-patched-linux-x86_64 | 1.1 | 14.41 | 151.06 | 165.47 | OK | |
r-release-linux-x86_64 | 1.1 | 9.75 | 143.50 | 153.25 | OK | |
r-release-macos-arm64 | 1.1 | OK | ||||
r-release-macos-x86_64 | 1.1 | OK | ||||
r-release-windows-x86_64 | 1.1 | 71.00 | 189.00 | 260.00 | OK | |
r-oldrel-macos-arm64 | 1.1 | OK | ||||
r-oldrel-macos-x86_64 | 1.1 | OK | ||||
r-oldrel-windows-ix86+x86_64 | 1.1 | 22.00 | 169.00 | 191.00 | OK |
Version: 1.1
Check: Rd cross-references
Result: NOTE
Undeclared package ‘xgboost’ in Rd xrefs
Flavor: r-devel-linux-x86_64-fedora-clang