Last updated on 2022-04-24 03:52:41 CEST.
Flavor | Version | Tinstall | Tcheck | Ttotal | Status | Flags |
---|---|---|---|---|---|---|
r-devel-linux-x86_64-debian-clang | 1.0 | 10.66 | 717.30 | 727.96 | OK | |
r-devel-linux-x86_64-debian-gcc | 1.0 | 8.90 | 1024.64 | 1033.54 | OK | |
r-devel-linux-x86_64-fedora-clang | 1.0 | 860.06 | NOTE | |||
r-devel-linux-x86_64-fedora-gcc | 1.0 | 952.48 | OK | |||
r-patched-linux-x86_64 | 1.0 | 13.88 | 904.50 | 918.38 | OK | |
r-release-linux-x86_64 | 1.0 | 9.30 | 949.86 | 959.16 | OK | |
r-release-macos-arm64 | 1.0 | OK | ||||
r-release-macos-x86_64 | 1.0 | OK | ||||
r-release-windows-x86_64 | 1.0 | 18.00 | 430.00 | 448.00 | OK | |
r-oldrel-macos-arm64 | 1.0 | OK | ||||
r-oldrel-macos-x86_64 | 1.0 | OK | ||||
r-oldrel-windows-ix86+x86_64 | 1.0 | 25.00 | 430.00 | 455.00 | OK |
Version: 1.0
Check: Rd cross-references
Result: NOTE
Undeclared package ‘twang’ in Rd xrefs
Flavor: r-devel-linux-x86_64-fedora-clang